{"id":992,"date":"2019-05-14T08:35:21","date_gmt":"2019-05-14T05:35:21","guid":{"rendered":"http:\/\/www.catholicturku.fi\/?page_id=992"},"modified":"2024-11-20T16:08:31","modified_gmt":"2024-11-20T14:08:31","slug":"rad","status":"publish","type":"page","link":"https:\/\/www.catholicturku.fi\/?page_id=992&lang=sv","title":{"rendered":"<b>R\u00e5d<\/b>"},"content":{"rendered":"<hr \/>\n<h4><span style=\"color: #ff0000;\"><strong>F\u00d6RSAMLINGSR\u00c5DET<\/strong><\/span><\/h4>\n<h6><span style=\"color: #ffffff;\">\u00b7<\/span><\/h6>\n<h6><strong>ORDF\u00d6RANDE<br \/>\nKyrkoherde Peter G\u0118BARA<\/strong><br \/>\n\u260f 0400 458128<br \/>\n\u260f +358 400 458128<br \/>\n\u2709 <span style=\"color: #000000;\"><a style=\"color: #000000;\" href=\"mailto:peter.gebara@katolinen.fi\" target=\"_blank\" rel=\"noopener noreferrer\">peter.gebara (at) katolinen.fi<\/a><\/span><\/h6>\n<h6><span style=\"color: #ffffff;\">\u00b7<\/span><\/h6>\n<ul>\n<li>\n<h6>Dia OSSS<\/h6>\n<\/li>\n<li>\n<h6>Fortun\u00e9e BUCYANA<\/h6>\n<\/li>\n<li>\n<h6>Waldemar DZIOK<\/h6>\n<\/li>\n<li>\n<h6>Vale ISHAK-HAMIKA<\/h6>\n<\/li>\n<li>\n<h6>Pertti KANKARE<\/h6>\n<\/li>\n<li>\n<h6>Rauno RINDELL<\/h6>\n<\/li>\n<li>\n<h6>Joanna SN\u00c4LL<\/h6>\n<\/li>\n<li>\n<h6>TRAN Nhi<\/h6>\n<\/li>\n<li>\n<h6>Eeva-Maija VALTAVAARA-LUOMA<\/h6>\n<\/li>\n<\/ul>\n<p>&nbsp;<\/p>\n<hr \/>\n<h4><span style=\"color: #ff0000;\"><strong>EKONOMISKA R\u00c5DET<\/strong><\/span><\/h4>\n<h6><span style=\"color: #ffffff;\">\u00b7<\/span><\/h6>\n<h6><strong>ORDF\u00d6RANDE<br \/>\nKyrkoherde Peter G\u0118BARA<\/strong><br \/>\n\u260f 0400 458128<br \/>\n\u260f +358 400 458128<br \/>\n\u2709\u00a0<span style=\"color: #000000;\"><a style=\"color: #000000;\" href=\"mailto:peter.gebara@katolinen.fi\" target=\"_blank\" rel=\"noopener noreferrer\">peter.gebara (at) katolinen.fi<\/a><\/span><\/h6>\n<h6><span style=\"color: #ffffff;\">\u00b7<\/span><\/h6>\n<ul>\n<li>\n<h6>Robert PAUL<\/h6>\n<\/li>\n<li>\n<h6>Johannes SALMINEN<\/h6>\n<\/li>\n<\/ul>\n<p>&nbsp;<\/p>\n<hr \/>\n<h5>\u25ba\u00a0\u00a0<span style=\"color: #000000;\"><a style=\"color: #000000;\" href=\"https:\/\/www.catholicturku.fi\/?lang=sv\"><strong>HUVUDMENYN<\/strong><\/a><\/span><br \/>\n\u25ba\u00a0 <span style=\"color: #000000;\"><a style=\"color: #000000;\" href=\"https:\/\/www.catholicturku.fi\/?page_id=925&amp;lang=sv\"><strong>F\u00d6RSTASIDAN<\/strong><\/a><\/span><\/h5>\n<hr \/>\n<h6 style=\"text-align: center;\"><strong>Webmaster<\/strong><\/h6>\n<h6 style=\"text-align: center;\"><span style=\"color: #000000;\"><a style=\"color: #000000;\" href=\"mailto:webmaster@romanos.fi\">webmaster (at) romanos.fi<\/a><\/span><\/h6>\n","protected":false},"excerpt":{"rendered":"<p>F\u00d6RSAMLINGSR\u00c5DET \u00b7 ORDF\u00d6RANDE Kyrkoherde Peter G\u0118BARA \u260f 0400 458128 \u260f +358 400 458128 \u2709 peter.gebara (at) katolinen.fi \u00b7 Dia OSSS Fortun\u00e9e BUCYANA Waldemar DZIOK Vale ISHAK-HAMIKA Pertti KANKARE Rauno RINDELL Joanna SN\u00c4LL TRAN Nhi Eeva-Maija VALTAVAARA-LUOMA &nbsp; EKONOMISKA R\u00c5DET \u00b7 ORDF\u00d6RANDE Kyrkoherde Peter G\u0118BARA \u260f 0400 458128 \u260f +358 400 458128 \u2709\u00a0peter.gebara (at) katolinen.fi \u00b7 [&hellip;]<\/p>\n","protected":false},"author":1,"featured_media":0,"parent":0,"menu_order":56,"comment_status":"closed","ping_status":"closed","template":"","meta":{"footnotes":""},"class_list":["post-992","page","type-page","status-publish","hentry"],"_links":{"self":[{"href":"https:\/\/www.catholicturku.fi\/index.php?rest_route=\/wp\/v2\/pages\/992","targetHints":{"allow":["GET"]}}],"collection":[{"href":"https:\/\/www.catholicturku.fi\/index.php?rest_route=\/wp\/v2\/pages"}],"about":[{"href":"https:\/\/www.catholicturku.fi\/index.php?rest_route=\/wp\/v2\/types\/page"}],"author":[{"embeddable":true,"href":"https:\/\/www.catholicturku.fi\/index.php?rest_route=\/wp\/v2\/users\/1"}],"replies":[{"embeddable":true,"href":"https:\/\/www.catholicturku.fi\/index.php?rest_route=%2Fwp%2Fv2%2Fcomments&post=992"}],"version-history":[{"count":29,"href":"https:\/\/www.catholicturku.fi\/index.php?rest_route=\/wp\/v2\/pages\/992\/revisions"}],"predecessor-version":[{"id":62892,"href":"https:\/\/www.catholicturku.fi\/index.php?rest_route=\/wp\/v2\/pages\/992\/revisions\/62892"}],"wp:attachment":[{"href":"https:\/\/www.catholicturku.fi\/index.php?rest_route=%2Fwp%2Fv2%2Fmedia&parent=992"}],"curies":[{"name":"wp","href":"https:\/\/api.w.org\/{rel}","templated":true}]}}

<b>Råd</b>

<hr />
<h4><span style="color: #ff0000;"><strong>FÖRSAMLINGSRÅDET</strong></span></h4>
<h6><span style="color: #ffffff;">·</span></h6>
<h6><strong>ORDFÖRANDE<br />
Kyrkoherde Peter GĘBARA</strong><br />
☏ 0400 458128<br />
☏ +358 400 458128<br />
✉ <span style="color: #000000;"><a style="color: #000000;" href="mailto:peter.gebara@katolinen.fi" target="_blank" rel="noopener noreferrer">peter.gebara (at) katolinen.fi</a></span></h6>
<h6><span style="color: #ffffff;">·</span></h6>
<ul>
<li>
<h6>Dia OSSS</h6>
</li>
<li>
<h6>Fortunée BUCYANA</h6>
</li>
<li>
<h6>Waldemar DZIOK</h6>
</li>
<li>
<h6>Vale ISHAK-HAMIKA</h6>
</li>
<li>
<h6>Pertti KANKARE</h6>
</li>
<li>
<h6>Rauno RINDELL</h6>
</li>
<li>
<h6>Joanna SNÄLL</h6>
</li>
<li>
<h6>TRAN Nhi</h6>
</li>
<li>
<h6>Eeva-Maija VALTAVAARA-LUOMA</h6>
</li>
</ul>
<p>&nbsp;</p>
<hr />
<h4><span style="color: #ff0000;"><strong>EKONOMISKA RÅDET</strong></span></h4>
<h6><span style="color: #ffffff;">·</span></h6>
<h6><strong>ORDFÖRANDE<br />
Kyrkoherde Peter GĘBARA</strong><br />
☏ 0400 458128<br />
☏ +358 400 458128<br />
✉ <span style="color: #000000;"><a style="color: #000000;" href="mailto:peter.gebara@katolinen.fi" target="_blank" rel="noopener noreferrer">peter.gebara (at) katolinen.fi</a></span></h6>
<h6><span style="color: #ffffff;">·</span></h6>
<ul>
<li>
<h6>Robert PAUL</h6>
</li>
<li>
<h6>Johannes SALMINEN</h6>
</li>
</ul>
<p>&nbsp;</p>
<hr />
<h5>►  <span style="color: #000000;"><a style="color: #000000;" href="https://www.catholicturku.fi/?lang=sv"><strong>HUVUDMENYN</strong></a></span><br />
►  <span style="color: #000000;"><a style="color: #000000;" href="https://www.catholicturku.fi/?page_id=925&amp;lang=sv"><strong>FÖRSTASIDAN</strong></a></span></h5>
<hr />
<h6 style="text-align: center;"><strong>Webmaster</strong></h6>
<h6 style="text-align: center;"><span style="color: #000000;"><a style="color: #000000;" href="mailto:webmaster@romanos.fi">webmaster (at) romanos.fi</a></span></h6>

<p>FÖRSAMLINGSRÅDET · ORDFÖRANDE Kyrkoherde Peter GĘBARA ☏ 0400 458128 ☏ +358 400 458128 ✉ peter.gebara (at) katolinen.fi · Dia OSSS Fortunée BUCYANA Waldemar DZIOK Vale ISHAK-HAMIKA Pertti KANKARE Rauno RINDELL Joanna SNÄLL TRAN Nhi Eeva-Maija VALTAVAARA-LUOMA &nbsp; EKONOMISKA RÅDET · ORDFÖRANDE Kyrkoherde Peter GĘBARA ☏ 0400 458128 ☏ +358 400 458128 ✉ peter.gebara (at) katolinen.fi · [&hellip;]</p>
