{"id":818,"date":"2019-05-14T04:41:49","date_gmt":"2019-05-14T01:41:49","guid":{"rendered":"http:\/\/www.catholicturku.fi\/?page_id=818"},"modified":"2024-11-20T15:45:49","modified_gmt":"2024-11-20T13:45:49","slug":"clergy","status":"publish","type":"page","link":"https:\/\/www.catholicturku.fi\/?page_id=818&lang=en","title":{"rendered":"<b>Clergy<\/b>"},"content":{"rendered":"<hr \/>\n<p>&nbsp;<\/p>\n<p><img loading=\"lazy\" decoding=\"async\" class=\" wp-image-46436 aligncenter\" src=\"https:\/\/www.catholicturku.fi\/wp-content\/uploads\/SCJ-300x214.jpeg\" alt=\"\" width=\"534\" height=\"381\" srcset=\"https:\/\/www.catholicturku.fi\/wp-content\/uploads\/SCJ-300x214.jpeg 300w, https:\/\/www.catholicturku.fi\/wp-content\/uploads\/SCJ-1024x729.jpeg 1024w, https:\/\/www.catholicturku.fi\/wp-content\/uploads\/SCJ-150x107.jpeg 150w, https:\/\/www.catholicturku.fi\/wp-content\/uploads\/SCJ-768x547.jpeg 768w, https:\/\/www.catholicturku.fi\/wp-content\/uploads\/SCJ-1536x1094.jpeg 1536w, https:\/\/www.catholicturku.fi\/wp-content\/uploads\/SCJ-2048x1459.jpeg 2048w\" sizes=\"auto, (max-width: 534px) 100vw, 534px\" \/><\/p>\n<p>&nbsp;<\/p>\n<hr \/>\n<h4><span style=\"color: #ff0000;\"><strong>PARISH PRIEST<br \/>\n<\/strong><\/span><\/h4>\n<h6><img loading=\"lazy\" decoding=\"async\" class=\"size-full wp-image-622 alignleft\" src=\"http:\/\/www.catholicturku.fi\/wp-content\/uploads\/father-peter.jpg.1322834756577.jpg\" alt=\"\" width=\"158\" height=\"174\" data-wp-pid=\"622\" srcset=\"https:\/\/www.catholicturku.fi\/wp-content\/uploads\/father-peter.jpg.1322834756577.jpg 158w, https:\/\/www.catholicturku.fi\/wp-content\/uploads\/father-peter.jpg.1322834756577-136x150.jpg 136w\" sizes=\"auto, (max-width: 158px) 100vw, 158px\" \/>Our parish priest, Father <strong>Peter G\u0119bara (SCJ)<\/strong>, was born on May 10<sup>th<\/sup> 1958 in Chorz\u00f3w, located in Silesia in south-west Poland. He is the sixth child in a family of ten children. Father Peter attended comprehensive school and high school in his hometown after which he began his noviciate in the religious community of priests and brothers of the Sacred Heart of Jesus (SCJ) in Pliszczyn near Lublin.\u00a0After one year as a novice he continued to study philosophy and theology at Stadniki near Krak\u00f3w. He received his master&#8217;s degree in moral theology. He was ordained in June 1986. His first parish was the parish of W\u0119gl\u00f3wka in the mountain region of southern Poland. From there he was transferred to the parish of Chmiel\u00f3w in central Poland. As a priest he has mainly worked with children and adolescents.<br \/>\n<span style=\"color: #ffffff;\">\u00b7<\/span><br \/>\nFather Peter arrived in Finland on July 21<sup>st<\/sup> 1991. He started as an assistant priest at Holy Cross Parish in Tampere where he also started his studies in the Finnish language and became acquainted with the Finnish culture and society. After a short period of time father Peter became an assistant parish priest of the wide-spread Holy Cross parish and later parish priest. He was assigned by the bishop to be the parish priest of the St. Bridget and Blessed Hemming&#8217;s parish in Turku on January 1<sup>st<\/sup> 2003. Father Peter is known as an engaged, active, energetic and cheerful priest.<br \/>\n<span style=\"color: #ffffff;\">\u00b7<\/span><br \/>\n\u260f 0400 458128<br \/>\n\u260f +358 400 458128<br \/>\n\u2709\u00a0<span style=\"color: #000000;\"><strong><a style=\"color: #000000;\" href=\"mailto:peter.gebara@katolinen.fi\" target=\"_blank\" rel=\"noopener noreferrer\">peter.gebara (at) katolinen.fi<\/a><\/strong><\/span><\/h6>\n<p>&nbsp;<\/p>\n<hr \/>\n<h4><span style=\"color: #ff0000;\"><strong>PAROCHIAL VICAR<\/strong><\/span><\/h4>\n<h6><img loading=\"lazy\" decoding=\"async\" class=\" wp-image-9300 alignright\" src=\"http:\/\/www.catholicturku.fi\/wp-content\/uploads\/stanzawilowicz15-300x300.jpg\" alt=\"\" width=\"156\" height=\"156\" data-wp-pid=\"9300\" srcset=\"https:\/\/www.catholicturku.fi\/wp-content\/uploads\/stanzawilowicz15-300x300.jpg 300w, https:\/\/www.catholicturku.fi\/wp-content\/uploads\/stanzawilowicz15-1024x1024.jpg 1024w, https:\/\/www.catholicturku.fi\/wp-content\/uploads\/stanzawilowicz15-150x150.jpg 150w, https:\/\/www.catholicturku.fi\/wp-content\/uploads\/stanzawilowicz15-768x768.jpg 768w, https:\/\/www.catholicturku.fi\/wp-content\/uploads\/stanzawilowicz15-800x800.jpg 800w, https:\/\/www.catholicturku.fi\/wp-content\/uploads\/stanzawilowicz15-1200x1200-cropped.jpg 1200w, https:\/\/www.catholicturku.fi\/wp-content\/uploads\/stanzawilowicz15.jpg 1363w\" sizes=\"auto, (max-width: 156px) 100vw, 156px\" \/>Our parochial vicar, Father <strong>Stanis\u0142aw Zawi\u0142owicz (SCJ)<\/strong>, was born on April 15<sup>th<\/sup> 1984 in Krynica-Gorska, located in southern Poland, and ordained as a priest on May 23<sup>rd<\/sup> 2010 in Stadniki near Krak\u00f3w. He arrived in Finland on August 28<sup>th<\/sup> 2012.<br \/>\n<span style=\"color: #ffffff;\">\u00b7<\/span><br \/>\n\u260f 045 8407191<br \/>\n\u260f +358 45 8407191<br \/>\n\u2709\u00a0<span style=\"color: #000000;\"><strong><a style=\"color: #000000;\" href=\"mailto:stanislaw.zawilowicz@katolinen.fi\" target=\"_blank\" rel=\"noopener noreferrer\">stanislaw.zawilowicz (at) katolinen.fi<\/a><\/strong><\/span><\/h6>\n<p>&nbsp;<\/p>\n<hr \/>\n<h5>\u25ba\u00a0\u00a0<span style=\"color: #000000;\"><a style=\"color: #000000;\" href=\"https:\/\/www.catholicturku.fi\/?lang=en\"><strong>MAIN MENU<\/strong><\/a><\/span><br \/>\n\u25ba\u00a0\u00a0<span style=\"color: #000000;\"><a style=\"color: #000000;\" href=\"https:\/\/www.catholicturku.fi\/?page_id=744&amp;lang=en\"><strong>FRONT PAGE<\/strong><\/a><\/span><\/h5>\n<hr \/>\n<h6 style=\"text-align: center;\"><strong>Webmaster<\/strong><\/h6>\n<h6 style=\"text-align: center;\"><span style=\"color: #000000;\"><a style=\"color: #000000;\" href=\"mailto:webmaster@romanos.fi\">webmaster (at) romanos.fi<\/a><\/span><\/h6>\n","protected":false},"excerpt":{"rendered":"<p>&nbsp; &nbsp; PARISH PRIEST Our parish priest, Father Peter G\u0119bara (SCJ), was born on May 10th 1958 in Chorz\u00f3w, located in Silesia in south-west Poland. He is the sixth child in a family of ten children. Father Peter attended comprehensive school and high school in his hometown after which he began his noviciate in the [&hellip;]<\/p>\n","protected":false},"author":1,"featured_media":0,"parent":0,"menu_order":104,"comment_status":"closed","ping_status":"closed","template":"","meta":{"footnotes":""},"class_list":["post-818","page","type-page","status-publish","hentry"],"_links":{"self":[{"href":"https:\/\/www.catholicturku.fi\/index.php?rest_route=\/wp\/v2\/pages\/818","targetHints":{"allow":["GET"]}}],"collection":[{"href":"https:\/\/www.catholicturku.fi\/index.php?rest_route=\/wp\/v2\/pages"}],"about":[{"href":"https:\/\/www.catholicturku.fi\/index.php?rest_route=\/wp\/v2\/types\/page"}],"author":[{"embeddable":true,"href":"https:\/\/www.catholicturku.fi\/index.php?rest_route=\/wp\/v2\/users\/1"}],"replies":[{"embeddable":true,"href":"https:\/\/www.catholicturku.fi\/index.php?rest_route=%2Fwp%2Fv2%2Fcomments&post=818"}],"version-history":[{"count":49,"href":"https:\/\/www.catholicturku.fi\/index.php?rest_route=\/wp\/v2\/pages\/818\/revisions"}],"predecessor-version":[{"id":62869,"href":"https:\/\/www.catholicturku.fi\/index.php?rest_route=\/wp\/v2\/pages\/818\/revisions\/62869"}],"wp:attachment":[{"href":"https:\/\/www.catholicturku.fi\/index.php?rest_route=%2Fwp%2Fv2%2Fmedia&parent=818"}],"curies":[{"name":"wp","href":"https:\/\/api.w.org\/{rel}","templated":true}]}}

<hr />
<p>&nbsp;</p>
<p><img loading="lazy" decoding="async" class=" wp-image-46436 aligncenter" src="https://www.catholicturku.fi/wp-content/uploads/SCJ-300x214.jpeg" alt="" width="534" height="381" srcset="https://www.catholicturku.fi/wp-content/uploads/SCJ-300x214.jpeg 300w, https://www.catholicturku.fi/wp-content/uploads/SCJ-1024x729.jpeg 1024w, https://www.catholicturku.fi/wp-content/uploads/SCJ-150x107.jpeg 150w, https://www.catholicturku.fi/wp-content/uploads/SCJ-768x547.jpeg 768w, https://www.catholicturku.fi/wp-content/uploads/SCJ-1536x1094.jpeg 1536w, https://www.catholicturku.fi/wp-content/uploads/SCJ-2048x1459.jpeg 2048w" sizes="auto, (max-width: 534px) 100vw, 534px" /></p>
<p>&nbsp;</p>
<hr />
<h4><span style="color: #ff0000;"><strong>PARISH PRIEST<br />
</strong></span></h4>
<h6><img loading="lazy" decoding="async" class="size-full wp-image-622 alignleft" src="http://www.catholicturku.fi/wp-content/uploads/father-peter.jpg.1322834756577.jpg" alt="" width="158" height="174" data-wp-pid="622" srcset="https://www.catholicturku.fi/wp-content/uploads/father-peter.jpg.1322834756577.jpg 158w, https://www.catholicturku.fi/wp-content/uploads/father-peter.jpg.1322834756577-136x150.jpg 136w" sizes="auto, (max-width: 158px) 100vw, 158px" />Our parish priest, Father <strong>Peter Gębara (SCJ)</strong>, was born on May 10<sup>th</sup> 1958 in Chorzów, located in Silesia in south-west Poland. He is the sixth child in a family of ten children. Father Peter attended comprehensive school and high school in his hometown after which he began his noviciate in the religious community of priests and brothers of the Sacred Heart of Jesus (SCJ) in Pliszczyn near Lublin. After one year as a novice he continued to study philosophy and theology at Stadniki near Kraków. He received his master&#8217;s degree in moral theology. He was ordained in June 1986. His first parish was the parish of Węglówka in the mountain region of southern Poland. From there he was transferred to the parish of Chmielów in central Poland. As a priest he has mainly worked with children and adolescents.<br />
<span style="color: #ffffff;">·</span><br />
Father Peter arrived in Finland on July 21<sup>st</sup> 1991. He started as an assistant priest at Holy Cross Parish in Tampere where he also started his studies in the Finnish language and became acquainted with the Finnish culture and society. After a short period of time father Peter became an assistant parish priest of the wide-spread Holy Cross parish and later parish priest. He was assigned by the bishop to be the parish priest of the St. Bridget and Blessed Hemming&#8217;s parish in Turku on January 1<sup>st</sup> 2003. Father Peter is known as an engaged, active, energetic and cheerful priest.<br />
<span style="color: #ffffff;">·</span><br />
☏ 0400 458128<br />
☏ +358 400 458128<br />
✉ <span style="color: #000000;"><strong><a style="color: #000000;" href="mailto:peter.gebara@katolinen.fi" target="_blank" rel="noopener noreferrer">peter.gebara (at) katolinen.fi</a></strong></span></h6>
<p>&nbsp;</p>
<hr />
<h4><span style="color: #ff0000;"><strong>PAROCHIAL VICAR</strong></span></h4>
<h6><img loading="lazy" decoding="async" class=" wp-image-9300 alignright" src="http://www.catholicturku.fi/wp-content/uploads/stanzawilowicz15-300x300.jpg" alt="" width="156" height="156" data-wp-pid="9300" srcset="https://www.catholicturku.fi/wp-content/uploads/stanzawilowicz15-300x300.jpg 300w, https://www.catholicturku.fi/wp-content/uploads/stanzawilowicz15-1024x1024.jpg 1024w, https://www.catholicturku.fi/wp-content/uploads/stanzawilowicz15-150x150.jpg 150w, https://www.catholicturku.fi/wp-content/uploads/stanzawilowicz15-768x768.jpg 768w, https://www.catholicturku.fi/wp-content/uploads/stanzawilowicz15-800x800.jpg 800w, https://www.catholicturku.fi/wp-content/uploads/stanzawilowicz15-1200x1200-cropped.jpg 1200w, https://www.catholicturku.fi/wp-content/uploads/stanzawilowicz15.jpg 1363w" sizes="auto, (max-width: 156px) 100vw, 156px" />Our parochial vicar, Father <strong>Stanisław Zawiłowicz (SCJ)</strong>, was born on April 15<sup>th</sup> 1984 in Krynica-Gorska, located in southern Poland, and ordained as a priest on May 23<sup>rd</sup> 2010 in Stadniki near Kraków. He arrived in Finland on August 28<sup>th</sup> 2012.<br />
<span style="color: #ffffff;">·</span><br />
☏ 045 8407191<br />
☏ +358 45 8407191<br />
✉ <span style="color: #000000;"><strong><a style="color: #000000;" href="mailto:stanislaw.zawilowicz@katolinen.fi" target="_blank" rel="noopener noreferrer">stanislaw.zawilowicz (at) katolinen.fi</a></strong></span></h6>
<p>&nbsp;</p>
<hr />
<h5>►  <span style="color: #000000;"><a style="color: #000000;" href="https://www.catholicturku.fi/?lang=en"><strong>MAIN MENU</strong></a></span><br />
►  <span style="color: #000000;"><a style="color: #000000;" href="https://www.catholicturku.fi/?page_id=744&amp;lang=en"><strong>FRONT PAGE</strong></a></span></h5>
<hr />
<h6 style="text-align: center;"><strong>Webmaster</strong></h6>
<h6 style="text-align: center;"><span style="color: #000000;"><a style="color: #000000;" href="mailto:webmaster@romanos.fi">webmaster (at) romanos.fi</a></span></h6>

<p>&nbsp; &nbsp; PARISH PRIEST Our parish priest, Father Peter Gębara (SCJ), was born on May 10th 1958 in Chorzów, located in Silesia in south-west Poland. He is the sixth child in a family of ten children. Father Peter attended comprehensive school and high school in his hometown after which he began his noviciate in the [&hellip;]</p>
