{"id":36019,"date":"2022-01-24T00:51:27","date_gmt":"2022-01-23T22:51:27","guid":{"rendered":"https:\/\/www.catholicturku.fi\/?page_id=36019"},"modified":"2024-11-20T17:10:38","modified_gmt":"2024-11-20T15:10:38","slug":"galeria","status":"publish","type":"page","link":"https:\/\/www.catholicturku.fi\/?page_id=36019&lang=pl","title":{"rendered":"<b>Galeria<\/b>"},"content":{"rendered":"<hr \/>\n<h4 align=\"LEFT\"><span style=\"color: #ff0000;\"><strong>Zawarto\u015b\u0107 dost\u0119pne na stronie w j\u0119zyku fi\u0144skim<\/strong><\/span><\/h4>\n<p>&nbsp;<\/p>\n<h5 style=\"padding-left: 30px;\"><strong>\u25ba\u00a0 <span style=\"color: #000000;\"><a style=\"color: #000000;\" href=\"https:\/\/www.catholicturku.fi\/?page_id=36007&amp;lang=fi\">Galleria<\/a><\/span><\/strong><\/h5>\n<p>&nbsp;<\/p>\n<hr \/>\n<h5>\u25ba\u00a0\u00a0<a href=\"https:\/\/www.catholicturku.fi\/?lang=pl\"><strong><span style=\"color: #000000;\">MENU G\u0141\u00d3WNE<\/span><\/strong><\/a><br \/>\n\u25ba\u00a0 <span style=\"color: #000000;\"><a style=\"color: #000000;\" href=\"https:\/\/www.catholicturku.fi\/?page_id=1050&amp;lang=pl\"><strong>STRONA G\u0141\u00d3WNA<\/strong><\/a><\/span><\/h5>\n<hr \/>\n<h6 style=\"text-align: center;\"><strong>Webmaster<\/strong><\/h6>\n<h6 style=\"text-align: center;\"><span style=\"color: #000000;\"><a style=\"color: #000000;\" href=\"mailto:webmaster@romanos.fi\">webmaster (at) romanos.fi<\/a><\/span><\/h6>\n","protected":false},"excerpt":{"rendered":"<p>Zawarto\u015b\u0107 dost\u0119pne na stronie w j\u0119zyku fi\u0144skim &nbsp; \u25ba\u00a0 Galleria &nbsp; \u25ba\u00a0\u00a0MENU G\u0141\u00d3WNE \u25ba\u00a0 STRONA G\u0141\u00d3WNA Webmaster webmaster (at) romanos.fi<\/p>\n","protected":false},"author":1,"featured_media":0,"parent":0,"menu_order":216,"comment_status":"closed","ping_status":"closed","template":"","meta":{"footnotes":""},"class_list":["post-36019","page","type-page","status-publish","hentry"],"_links":{"self":[{"href":"https:\/\/www.catholicturku.fi\/index.php?rest_route=\/wp\/v2\/pages\/36019","targetHints":{"allow":["GET"]}}],"collection":[{"href":"https:\/\/www.catholicturku.fi\/index.php?rest_route=\/wp\/v2\/pages"}],"about":[{"href":"https:\/\/www.catholicturku.fi\/index.php?rest_route=\/wp\/v2\/types\/page"}],"author":[{"embeddable":true,"href":"https:\/\/www.catholicturku.fi\/index.php?rest_route=\/wp\/v2\/users\/1"}],"replies":[{"embeddable":true,"href":"https:\/\/www.catholicturku.fi\/index.php?rest_route=%2Fwp%2Fv2%2Fcomments&post=36019"}],"version-history":[{"count":4,"href":"https:\/\/www.catholicturku.fi\/index.php?rest_route=\/wp\/v2\/pages\/36019\/revisions"}],"predecessor-version":[{"id":63004,"href":"https:\/\/www.catholicturku.fi\/index.php?rest_route=\/wp\/v2\/pages\/36019\/revisions\/63004"}],"wp:attachment":[{"href":"https:\/\/www.catholicturku.fi\/index.php?rest_route=%2Fwp%2Fv2%2Fmedia&parent=36019"}],"curies":[{"name":"wp","href":"https:\/\/api.w.org\/{rel}","templated":true}]}}