{"id":36012,"date":"2022-01-24T00:43:25","date_gmt":"2022-01-23T22:43:25","guid":{"rendered":"https:\/\/www.catholicturku.fi\/?page_id=36012"},"modified":"2024-11-20T17:09:52","modified_gmt":"2024-11-20T15:09:52","slug":"galleriet","status":"publish","type":"page","link":"https:\/\/www.catholicturku.fi\/?page_id=36012&lang=sv","title":{"rendered":"<b>Galleriet<\/b>"},"content":{"rendered":"<hr \/>\n<h4><span style=\"color: #ff0000;\"><strong>Inneh\u00e5llet tillg\u00e4ngligt p\u00e5 den finskspr\u00e5kiga sidan<\/strong><\/span><\/h4>\n<p>&nbsp;<\/p>\n<h5 style=\"padding-left: 30px;\"><strong>\u25ba\u00a0 <\/strong><span style=\"color: #000000;\"><a style=\"color: #000000;\" href=\"https:\/\/www.catholicturku.fi\/?page_id=36007&amp;lang=fi\"><strong>Galleria<\/strong><\/a><\/span><\/h5>\n<p>&nbsp;<\/p>\n<hr \/>\n<h5>\u25ba\u00a0\u00a0<span style=\"color: #000000;\"><a style=\"color: #000000;\" href=\"https:\/\/www.catholicturku.fi\/?lang=sv\"><strong>HUVUDMENYN<\/strong><\/a><\/span><br \/>\n\u25ba\u00a0 <span style=\"color: #000000;\"><a style=\"color: #000000;\" href=\"https:\/\/www.catholicturku.fi\/?page_id=925&amp;lang=sv\"><strong>F\u00d6RSTASIDAN<\/strong><\/a><\/span><\/h5>\n<hr \/>\n<h6 style=\"text-align: center;\"><strong>Webmaster<\/strong><\/h6>\n<h6 style=\"text-align: center;\"><span style=\"color: #000000;\"><a style=\"color: #000000;\" href=\"mailto:webmaster@romanos.fi\">webmaster (at) romanos.fi<\/a><\/span><\/h6>\n","protected":false},"excerpt":{"rendered":"<p>Inneh\u00e5llet tillg\u00e4ngligt p\u00e5 den finskspr\u00e5kiga sidan &nbsp; \u25ba\u00a0 Galleria &nbsp; \u25ba\u00a0\u00a0HUVUDMENYN \u25ba\u00a0 F\u00d6RSTASIDAN Webmaster webmaster (at) romanos.fi<\/p>\n","protected":false},"author":1,"featured_media":0,"parent":0,"menu_order":66,"comment_status":"closed","ping_status":"closed","template":"","meta":{"footnotes":""},"class_list":["post-36012","page","type-page","status-publish","hentry"],"_links":{"self":[{"href":"https:\/\/www.catholicturku.fi\/index.php?rest_route=\/wp\/v2\/pages\/36012","targetHints":{"allow":["GET"]}}],"collection":[{"href":"https:\/\/www.catholicturku.fi\/index.php?rest_route=\/wp\/v2\/pages"}],"about":[{"href":"https:\/\/www.catholicturku.fi\/index.php?rest_route=\/wp\/v2\/types\/page"}],"author":[{"embeddable":true,"href":"https:\/\/www.catholicturku.fi\/index.php?rest_route=\/wp\/v2\/users\/1"}],"replies":[{"embeddable":true,"href":"https:\/\/www.catholicturku.fi\/index.php?rest_route=%2Fwp%2Fv2%2Fcomments&post=36012"}],"version-history":[{"count":4,"href":"https:\/\/www.catholicturku.fi\/index.php?rest_route=\/wp\/v2\/pages\/36012\/revisions"}],"predecessor-version":[{"id":63001,"href":"https:\/\/www.catholicturku.fi\/index.php?rest_route=\/wp\/v2\/pages\/36012\/revisions\/63001"}],"wp:attachment":[{"href":"https:\/\/www.catholicturku.fi\/index.php?rest_route=%2Fwp%2Fv2%2Fmedia&parent=36012"}],"curies":[{"name":"wp","href":"https:\/\/api.w.org\/{rel}","templated":true}]}}