{"id":22835,"date":"2020-11-21T22:46:08","date_gmt":"2020-11-21T20:46:08","guid":{"rendered":"https:\/\/www.catholicturku.fi\/?page_id=22835"},"modified":"2024-11-20T16:52:58","modified_gmt":"2024-11-20T14:52:58","slug":"22835-2","status":"publish","type":"page","link":"https:\/\/www.catholicturku.fi\/?page_id=22835&lang=pt","title":{"rendered":"<b>Nossa f\u00e9<\/b>"},"content":{"rendered":"<hr \/>\n<h4><strong><span style=\"color: #ff0000;\">B\u00cdBLIA SAGRADA<\/span><br \/>\n<img loading=\"lazy\" decoding=\"async\" class=\"size-full wp-image-600 alignright\" src=\"http:\/\/www.catholicturku.fi\/wp-content\/uploads\/bible.jpg\" alt=\"\" width=\"276\" height=\"182\" data-wp-pid=\"600\" srcset=\"https:\/\/www.catholicturku.fi\/wp-content\/uploads\/bible.jpg 276w, https:\/\/www.catholicturku.fi\/wp-content\/uploads\/bible-150x99.jpg 150w\" sizes=\"auto, (max-width: 276px) 100vw, 276px\" \/><\/strong><\/h4>\n<ul>\n<li>\n<h6><span style=\"color: #000000;\"><a style=\"color: #000000;\" href=\"https:\/\/www.wordproject.org\/bibles\/po\/index.htm\" target=\"_blank\" rel=\"noopener noreferrer\"><strong>EM PORTUGU\u00caS<\/strong><\/a><\/span><\/h6>\n<\/li>\n<li>\n<h6><span style=\"color: #000000;\"><a style=\"color: #000000;\" href=\"https:\/\/www.wordproject.org\/bibles\/de\/index.htm\" target=\"_blank\" rel=\"noopener noreferrer\">Em alem\u00e3o<\/a><\/span><\/h6>\n<\/li>\n<li>\n<h6><span style=\"color: #000000;\"><a style=\"color: #000000;\" href=\"https:\/\/www.wordproject.org\/bibles\/ar\/\" target=\"_blank\" rel=\"noopener noreferrer\">Em \u00e1rabe<\/a><\/span><\/h6>\n<\/li>\n<li>\n<h6><span style=\"color: #000000;\"><a style=\"color: #000000;\" href=\"http:\/\/www.vatican.va\/chinese\/bibbia.htm\" target=\"_blank\" rel=\"noopener noreferrer\">Em chin\u00eas<\/a><\/span><\/h6>\n<\/li>\n<li>\n<h6><span style=\"color: #000000;\"><a style=\"color: #000000;\" href=\"https:\/\/pomog.org\/bible-church-slavonic\/\" target=\"_blank\" rel=\"noopener\">Em eslavo eclesi\u00e1stico<\/a><\/span><\/h6>\n<\/li>\n<li>\n<h6><span style=\"color: #000000;\"><a style=\"color: #000000;\" href=\"http:\/\/www.vatican.va\/archive\/ESL0506\/_INDEX.HTM\" target=\"_blank\" rel=\"noopener noreferrer\">Em espanhol<\/a><\/span><\/h6>\n<\/li>\n<li>\n<h6><span style=\"color: #000000;\"><a style=\"color: #000000;\" href=\"https:\/\/www.wordproject.org\/bibles\/et\/index.htm\" target=\"_blank\" rel=\"noopener\">Em estoniano<\/a><\/span><\/h6>\n<\/li>\n<li>\n<h6><span style=\"color: #000000;\"><a style=\"color: #000000;\" href=\"https:\/\/www.wordproject.org\/bibles\/fi\/index.htm\" target=\"_blank\" rel=\"noopener noreferrer\">Em finland\u00eas<\/a><\/span><\/h6>\n<\/li>\n<li>\n<h6><span style=\"color: #000000;\"><a style=\"color: #000000;\" href=\"https:\/\/www.wordproject.org\/bibles\/fr\/index.htm\" target=\"_blank\" rel=\"noopener noreferrer\">Em franc\u00eas<\/a><\/span><\/h6>\n<\/li>\n<li>\n<h6><span style=\"color: #000000;\"><a style=\"color: #000000;\" href=\"http:\/\/www.myriobiblos.gr\/bible\/default.asp\" target=\"_blank\" rel=\"noopener noreferrer\">Em grego<\/a><\/span><\/h6>\n<\/li>\n<li>\n<h6><span style=\"color: #000000;\"><a style=\"color: #000000;\" href=\"https:\/\/www.wordproject.org\/bibles\/he\/index.htm\" target=\"_blank\" rel=\"noopener\">Em hebraico<\/a><\/span><\/h6>\n<\/li>\n<li>\n<h6><span style=\"color: #000000;\"><a style=\"color: #000000;\" href=\"http:\/\/www.vatican.va\/archive\/ENG0839\/_INDEX.HTM\" target=\"_blank\" rel=\"noopener noreferrer\">Em ingles<\/a><\/span><\/h6>\n<\/li>\n<li>\n<h6><span style=\"color: #000000;\"><a style=\"color: #000000;\" href=\"http:\/\/www.vatican.va\/archive\/ITA0001\/_INDEX.HTM\" target=\"_blank\" rel=\"noopener noreferrer\">Em italiano<\/a><\/span><\/h6>\n<\/li>\n<li>\n<h6><span style=\"color: #000000;\"><a style=\"color: #000000;\" href=\"http:\/\/www.vatican.va\/archive\/bible\/nova_vulgata\/documents\/nova-vulgata_index_lt.html\" target=\"_blank\" rel=\"noopener noreferrer\">Em latin (NovaVulgata)<\/a><\/span><\/h6>\n<\/li>\n<li>\n<h6><span style=\"color: #000000;\"><a style=\"color: #000000;\" href=\"https:\/\/www.wordproject.org\/bibles\/pl\/index.htm\" target=\"_blank\" rel=\"noopener noreferrer\">Em polon\u00eas<\/a><\/span><\/h6>\n<\/li>\n<li>\n<h6><span style=\"color: #000000;\"><a style=\"color: #000000;\" href=\"https:\/\/www.wordproject.org\/bibles\/ru\/index.htm\" target=\"_blank\" rel=\"noopener noreferrer\">Em russo<\/a><\/span><\/h6>\n<\/li>\n<li>\n<h6><span style=\"color: #000000;\"><a style=\"color: #000000;\" href=\"https:\/\/www.wordproject.org\/bibles\/se\/index.htm\" target=\"_blank\" rel=\"noopener noreferrer\">Em sueco<\/a><\/span><\/h6>\n<\/li>\n<li>\n<h6><span style=\"color: #000000;\"><a style=\"color: #000000;\" href=\"https:\/\/wordproject.org\/bibles\/tl\/\" target=\"_blank\" rel=\"noopener noreferrer\">Em tagalog<\/a><\/span><\/h6>\n<\/li>\n<li>\n<h6><span style=\"color: #000000;\"><a style=\"color: #000000;\" href=\"https:\/\/www.wordproject.org\/bibles\/uk\/index.htm\" target=\"_blank\" rel=\"noopener noreferrer\">Em ucraniano<\/a><\/span><\/h6>\n<\/li>\n<li>\n<h6><span style=\"color: #000000;\"><a style=\"color: #000000;\" href=\"https:\/\/www.wordproject.org\/bibles\/vt\/index.htm\" target=\"_blank\" rel=\"noopener\">Em vietnamita<\/a><\/span><\/h6>\n<\/li>\n<\/ul>\n<p>&nbsp;<\/p>\n<ul>\n<li>\n<h6><span style=\"color: #000000;\"><a style=\"color: #000000;\" href=\"https:\/\/www.wordproject.org\/bibles\/\" target=\"_blank\" rel=\"noopener noreferrer\">B\u00edblia em diferentes l\u00ednguas<\/a><\/span><\/h6>\n<\/li>\n<li>\n<h6><span style=\"color: #000000;\"><strong><a style=\"color: #000000;\" href=\"https:\/\/www.ecatholic2000.com\/haydock\/title.shtml\" target=\"_blank\" rel=\"noopener noreferrer\">Haydock Catholic Bible Commentary<\/a><\/strong><\/span><\/h6>\n<\/li>\n<\/ul>\n<p>&nbsp;<\/p>\n<hr \/>\n<h4><span style=\"color: #ff0000;\"><strong>CATECISMO CAT\u00d3LICO<\/strong><\/span><\/h4>\n<ul>\n<li>\n<h6><span style=\"color: #000000;\"><strong><a style=\"color: #000000;\" href=\"http:\/\/www.vatican.va\/archive\/cathechism_po\/index_new\/prima-pagina-cic_po.html\" target=\"_blank\" rel=\"noopener noreferrer\">EM PORTUGU\u00caS<\/a><\/strong><\/span><\/h6>\n<\/li>\n<li>\n<h6><span style=\"color: #000000;\"><a style=\"color: #000000;\" href=\"http:\/\/www.vatican.va\/archive\/DEU0035\/_INDEX.HTM\" target=\"_blank\" rel=\"noopener noreferrer\">Em alem\u00e3o<\/a><\/span><\/h6>\n<\/li>\n<li>\n<h6><span style=\"color: #000000;\"><a style=\"color: #000000;\" href=\"http:\/\/www.vatican.va\/chinese\/ccc_zh.htm\" target=\"_blank\" rel=\"noopener noreferrer\">Em chin\u00eas<\/a><\/span><\/h6>\n<\/li>\n<li>\n<h6><span style=\"color: #000000;\"><a style=\"color: #000000;\" href=\"http:\/\/www.vatican.va\/archive\/catechism_sp\/index_sp.html\" target=\"_blank\" rel=\"noopener noreferrer\">Em espanhol<\/a><\/span><\/h6>\n<\/li>\n<li>\n<h6><span style=\"color: #000000;\"><a style=\"color: #000000;\" href=\"http:\/\/katolinen.fi\/?page_id=7279\" target=\"_blank\" rel=\"noopener noreferrer\">Em finland\u00eas<\/a><\/span><\/h6>\n<\/li>\n<li><img loading=\"lazy\" decoding=\"async\" class=\" wp-image-57141 alignright\" style=\"color: #000000; font-family: 'Roboto Condensed', sans-serif; font-size: 14px;\" src=\"https:\/\/www.catholicturku.fi\/wp-content\/uploads\/katekismus-300x300.jpg\" alt=\"\" width=\"140\" height=\"140\" srcset=\"https:\/\/www.catholicturku.fi\/wp-content\/uploads\/katekismus-300x300.jpg 300w, https:\/\/www.catholicturku.fi\/wp-content\/uploads\/katekismus-150x150.jpg 150w, https:\/\/www.catholicturku.fi\/wp-content\/uploads\/katekismus.jpg 500w\" sizes=\"auto, (max-width: 140px) 100vw, 140px\" \/><br \/>\n<h6><span style=\"color: #000000;\"><a style=\"color: #000000;\" href=\"http:\/\/www.vatican.va\/archive\/FRA0013\/_INDEX.HTM\" target=\"_blank\" rel=\"noopener noreferrer\">Em franc\u00eas<\/a><\/span><\/h6>\n<\/li>\n<li>\n<h6><span style=\"color: #000000;\"><a style=\"color: #000000;\" href=\"http:\/\/www.vatican.va\/archive\/ENG0015\/_INDEX.HTM\" target=\"_blank\" rel=\"noopener noreferrer\">Em ingles<\/a><\/span><\/h6>\n<\/li>\n<li>\n<h6><span style=\"color: #000000;\"><a style=\"color: #000000;\" href=\"http:\/\/www.vatican.va\/archive\/ccc_it\/ccc-it_index_it.html\" target=\"_blank\" rel=\"noopener noreferrer\">Em italiano<\/a><\/span><\/h6>\n<\/li>\n<li>\n<h6><span style=\"color: #000000;\"><a style=\"color: #000000;\" href=\"http:\/\/www.vatican.va\/archive\/catechism_lt\/index_lt.htm\" target=\"_blank\" rel=\"noopener noreferrer\">Em latin<\/a><\/span><\/h6>\n<\/li>\n<li>\n<h6><span style=\"color: #000000;\"><a style=\"color: #000000;\" href=\"http:\/\/www.katechizm.opoka.org.pl\/\" target=\"_blank\" rel=\"noopener noreferrer\">Em polon\u00eas<\/a><\/span><\/h6>\n<\/li>\n<li>\n<h6><span style=\"color: #000000;\"><a style=\"color: #000000;\" href=\"http:\/\/www.vatican.va\/archive\/compendium_ccc\/documents\/archive_compendium-ccc_ru.pdf\" target=\"_blank\" rel=\"noopener noreferrer\">Em russo<\/a><\/span><\/h6>\n<\/li>\n<li>\n<h6><span style=\"color: #000000;\"><a style=\"color: #000000;\" href=\"http:\/\/www.katekesen.se\/\" target=\"_blank\" rel=\"noopener noreferrer\">Em sueco<\/a><\/span><\/h6>\n<\/li>\n<li>\n<h6><span style=\"color: #000000;\"><a style=\"color: #000000;\" href=\"https:\/\/drive.google.com\/file\/d\/16DkJMt33xfu5LRHvnr0ZFWBNABW23vOK\/view?fbclid=IwAR1j1DbukmEjPWlJST-rC6yqQGkm8i8e6-ioXkETesQlvIJeMxT6g2-uL18\" target=\"_blank\" rel=\"noopener\">Em tagalog<\/a><\/span><\/h6>\n<\/li>\n<li>\n<h6><span style=\"color: #000000;\"><a style=\"color: #000000;\" href=\"https:\/\/rkc.org.ua\/vchennya-czerkvy\/katehyzm\/\" target=\"_blank\" rel=\"noopener\">Em ucraniano<\/a><\/span><\/h6>\n<\/li>\n<li>\n<h6><span style=\"color: #000000;\"><a style=\"color: #000000;\" href=\"https:\/\/augustino.net\/giao-ly-cong-giao\/\" target=\"_blank\" rel=\"noopener\">Em vietnamita<\/a><\/span><\/h6>\n<\/li>\n<\/ul>\n<p>&nbsp;<\/p>\n<hr \/>\n<h4><span style=\"color: #ff0000;\"><strong>SACRAMENTOS<\/strong><\/span><img loading=\"lazy\" decoding=\"async\" class=\" wp-image-57100 alignright\" src=\"https:\/\/www.catholicturku.fi\/wp-content\/uploads\/baptism-300x300.jpg\" alt=\"\" width=\"175\" height=\"175\" srcset=\"https:\/\/www.catholicturku.fi\/wp-content\/uploads\/baptism-300x300.jpg 300w, https:\/\/www.catholicturku.fi\/wp-content\/uploads\/baptism-1024x1024.jpg 1024w, https:\/\/www.catholicturku.fi\/wp-content\/uploads\/baptism-150x150.jpg 150w, https:\/\/www.catholicturku.fi\/wp-content\/uploads\/baptism-768x768.jpg 768w, https:\/\/www.catholicturku.fi\/wp-content\/uploads\/baptism-1536x1536.jpg 1536w, https:\/\/www.catholicturku.fi\/wp-content\/uploads\/baptism.jpg 1920w\" sizes=\"auto, (max-width: 175px) 100vw, 175px\" \/><\/h4>\n<ul>\n<li>\n<h6><span style=\"color: #000000;\"><a style=\"color: #000000;\" href=\"https:\/\/formacao.cancaonova.com\/igreja\/doutrina\/o-santo-batismo-e-o-fundamento-de-toda-vida-crista\/\" target=\"_blank\" rel=\"noopener noreferrer\">O Batismo<\/a><\/span><\/h6>\n<\/li>\n<li>\n<h6><span style=\"color: #000000;\"><a style=\"color: #000000;\" href=\"https:\/\/formacao.cancaonova.com\/igreja\/doutrina\/o-que-e-a-crisma\/\" target=\"_blank\" rel=\"noopener noreferrer\">A Confirma\u00e7\u00e3o<\/a><\/span><\/h6>\n<\/li>\n<li>\n<h6><span style=\"color: #000000;\"><a style=\"color: #000000;\" href=\"https:\/\/formacao.cancaonova.com\/igreja\/doutrina\/o-sacramento-da-eucaristia\/\" target=\"_blank\" rel=\"noopener noreferrer\">A Eucaristia<\/a><\/span><\/h6>\n<\/li>\n<li>\n<h6><span style=\"color: #000000;\"><a style=\"color: #000000;\" href=\"https:\/\/formacao.cancaonova.com\/igreja\/catequese\/reflita-sobre-o-sacramento-da-confissao\/\" target=\"_blank\" rel=\"noopener noreferrer\">A Penit\u00eancia<\/a><\/span><\/h6>\n<\/li>\n<li>\n<h6><span style=\"color: #000000;\"><a style=\"color: #000000;\" href=\"https:\/\/formacao.cancaonova.com\/igreja\/doutrina\/o-sacramento-da-uncao-dos-enfermos\/\" target=\"_blank\" rel=\"noopener noreferrer\">A Un\u00e7\u00e3o dos enfermos<\/a><\/span><\/h6>\n<\/li>\n<li>\n<h6><span style=\"color: #000000;\"><a style=\"color: #000000;\" href=\"https:\/\/formacao.cancaonova.com\/vocacao\/sacerdocio\/o-sacramento-da-ordem\/\" target=\"_blank\" rel=\"noopener noreferrer\">A Ordem<\/a><\/span><\/h6>\n<\/li>\n<li>\n<h6><span style=\"color: #000000;\"><a style=\"color: #000000;\" href=\"https:\/\/formacao.cancaonova.com\/diversos\/o-sacramento-do-matrimonio\/\" target=\"_blank\" rel=\"noopener noreferrer\">O Matrim\u00f4nio<\/a><\/span><\/h6>\n<\/li>\n<\/ul>\n<h6><span style=\"color: #ffffff;\">\u00b7<\/span><\/h6>\n<h6><strong>\u25ba \u00a0<a href=\"http:\/\/www.vatican.va\/archive\/cathechism_po\/index_new\/p2s2cap1_1210-1419_po.html\" target=\"_blank\" rel=\"noopener noreferrer\"><span style=\"color: #000000;\">OS SETE SACRAMENTOS DA IGREJA<\/span><\/a><\/strong><\/h6>\n<p>&nbsp;<\/p>\n<hr \/>\n<h4><span style=\"color: #ff0000;\"><strong>EDUCA\u00c7\u00c3O CAT\u00d3LICA<\/strong><\/span><\/h4>\n<h5><span style=\"color: #ffffff;\">\u00b7<\/span><\/h5>\n<h5><strong>Departamento de educa\u00e7\u00e3o<\/strong><\/h5>\n<h6><span style=\"color: #000000;\"><a style=\"color: #000000;\" href=\"https:\/\/www.google.fi\/maps\/place\/Kuusitie+6,+00270+Helsinki\/@60.1944102,24.8952311,16.25z\/data=!4m5!3m4!1s0x469209f621ac181f:0xcf44d83f44483b94!8m2!3d60.1948492!4d24.8996264\" target=\"_blank\" rel=\"noopener noreferrer\">Kuusitie 6<\/a><\/span><br \/>\n00270 \u00a0HELSINKI<br \/>\nFinl\u00e2ndia<\/h6>\n<p>&nbsp;<\/p>\n<h6>\u2709\u00a0<span style=\"color: #000000;\"><a style=\"color: #000000;\" href=\"mailto:opetus@katolinen.fi\" target=\"_blank\" rel=\"noopener noreferrer\">opetus\u00a0(at) katolinen.fi<\/a><\/span><br \/>\n<img decoding=\"async\" src=\"https:\/\/img.icons8.com\/windows\/16\/000000\/home.png\" \/> <span style=\"color: #000000;\"><a style=\"color: #000000;\" href=\"http:\/\/opetus.katolinen.fi\/\" target=\"_blank\" rel=\"noopener noreferrer\">opetus.katolinen.fi<\/a><\/span><\/h6>\n<p>&nbsp;<\/p>\n<h6>Diretor <strong>Osmo Vartiainen<\/strong><br \/>\n\u260f 050 5440871<br \/>\n\u260f +358 50 5440871<br \/>\n\u2709\u00a0<span style=\"color: #000000;\"><a style=\"color: #000000;\" href=\"mailto:osmo.vartiainen@katolinen.fi\" target=\"_blank\" rel=\"noopener noreferrer\">osmo.vartiainen (at) katolinen.fi<\/a><\/span><\/h6>\n<p>&nbsp;<\/p>\n<hr \/>\n<h4><span style=\"color: #ff0000;\"><strong>ADICIONAL<\/strong><\/span><\/h4>\n<ul>\n<li>\n<h6><span style=\"color: #000000;\"><a style=\"color: #000000;\" href=\"https:\/\/www.sacredspace.ie\/\" target=\"_blank\" rel=\"noopener\">Lugar Sagrado &#8211; a sua ora\u00e7\u00e3o di\u00e1 online<\/a><\/span><\/h6>\n<\/li>\n<li>\n<h6><span style=\"color: #000000;\"><a style=\"color: #000000;\" href=\"http:\/\/www.agapebiblestudy.com\/How%20To%20Study%20Scripture.htm\" target=\"_blank\" rel=\"noopener noreferrer\">Guide for the Study of Sacred Scripture<\/a><\/span><\/h6>\n<\/li>\n<\/ul>\n<p>&nbsp;<\/p>\n<hr \/>\n<h5>\u25ba\u00a0\u00a0<span style=\"color: #000000;\"><a style=\"color: #000000;\" href=\"https:\/\/www.catholicturku.fi\/?lang=pt\"><strong>MENU PRINCIPAL<\/strong><\/a><\/span><\/h5>\n<h5>\u25ba\u00a0 <span style=\"color: #000000;\"><strong><a style=\"color: #000000;\" href=\"https:\/\/www.catholicturku.fi\/?page_id=22794&amp;lang=pt\">IN\u00cdCIO<\/a><\/strong><\/span><\/h5>\n<hr \/>\n<h6 style=\"text-align: center;\"><strong>Webmaster<\/strong><\/h6>\n<h6 style=\"text-align: center;\"><span style=\"color: #000000;\"><a style=\"color: #000000;\" href=\"mailto:webmaster@romanos.fi\">webmaster (at) romanos.fi<\/a><\/span><\/h6>\n","protected":false},"excerpt":{"rendered":"<p>B\u00cdBLIA SAGRADA EM PORTUGU\u00caS Em alem\u00e3o Em \u00e1rabe Em chin\u00eas Em eslavo eclesi\u00e1stico Em espanhol Em estoniano Em finland\u00eas Em franc\u00eas Em grego Em hebraico Em ingles Em italiano Em latin (NovaVulgata) Em polon\u00eas Em russo Em sueco Em tagalog Em ucraniano Em vietnamita &nbsp; B\u00edblia em diferentes l\u00ednguas Haydock Catholic Bible Commentary &nbsp; CATECISMO [&hellip;]<\/p>\n","protected":false},"author":1,"featured_media":0,"parent":0,"menu_order":511,"comment_status":"closed","ping_status":"closed","template":"","meta":{"footnotes":""},"class_list":["post-22835","page","type-page","status-publish","hentry"],"_links":{"self":[{"href":"https:\/\/www.catholicturku.fi\/index.php?rest_route=\/wp\/v2\/pages\/22835","targetHints":{"allow":["GET"]}}],"collection":[{"href":"https:\/\/www.catholicturku.fi\/index.php?rest_route=\/wp\/v2\/pages"}],"about":[{"href":"https:\/\/www.catholicturku.fi\/index.php?rest_route=\/wp\/v2\/types\/page"}],"author":[{"embeddable":true,"href":"https:\/\/www.catholicturku.fi\/index.php?rest_route=\/wp\/v2\/users\/1"}],"replies":[{"embeddable":true,"href":"https:\/\/www.catholicturku.fi\/index.php?rest_route=%2Fwp%2Fv2%2Fcomments&post=22835"}],"version-history":[{"count":32,"href":"https:\/\/www.catholicturku.fi\/index.php?rest_route=\/wp\/v2\/pages\/22835\/revisions"}],"predecessor-version":[{"id":62962,"href":"https:\/\/www.catholicturku.fi\/index.php?rest_route=\/wp\/v2\/pages\/22835\/revisions\/62962"}],"wp:attachment":[{"href":"https:\/\/www.catholicturku.fi\/index.php?rest_route=%2Fwp%2Fv2%2Fmedia&parent=22835"}],"curies":[{"name":"wp","href":"https:\/\/api.w.org\/{rel}","templated":true}]}}