{"id":22823,"date":"2020-11-21T22:43:43","date_gmt":"2020-11-21T20:43:43","guid":{"rendered":"https:\/\/www.catholicturku.fi\/?page_id=22823"},"modified":"2024-11-20T15:56:41","modified_gmt":"2024-11-20T13:56:41","slug":"22823-2","status":"publish","type":"page","link":"https:\/\/www.catholicturku.fi\/?page_id=22823&lang=pt","title":{"rendered":"<b>Grupos de a\u00e7\u00e3o<\/b>"},"content":{"rendered":"<hr \/>\n<h4><span style=\"color: #ff0000;\"><strong>Conte\u00fado dispon\u00edvel na p\u00e1gina em finland\u00eas<\/strong><\/span><\/h4>\n<p>&nbsp;<\/p>\n<h5 style=\"padding-left: 30px;\"><strong>\u25ba <span style=\"color: #000000;\"><a style=\"color: #000000;\" href=\"https:\/\/www.catholicturku.fi\/?page_id=669&amp;lang=fi\">Toimintaryhm\u00e4t<\/a><\/span><\/strong><\/h5>\n<p>&nbsp;<\/p>\n<hr \/>\n<h5>\u25ba\u00a0\u00a0<span style=\"color: #000000;\"><a style=\"color: #000000;\" href=\"https:\/\/www.catholicturku.fi\/?lang=pt\"><strong>MENU PRINCIPAL<\/strong><\/a><\/span><\/h5>\n<h5>\u25ba\u00a0 <strong><a href=\"https:\/\/www.catholicturku.fi\/?page_id=22794&amp;lang=pt\"><span style=\"color: #000000;\">IN\u00cdCIO<\/span><\/a><\/strong><\/h5>\n<hr \/>\n<h6 style=\"text-align: center;\"><strong>Webmaster<\/strong><\/h6>\n<h6 style=\"text-align: center;\"><span style=\"color: #000000;\"><a style=\"color: #000000;\" href=\"mailto:webmaster@romanos.fi\">webmaster (at) romanos.fi<\/a><\/span><\/h6>\n","protected":false},"excerpt":{"rendered":"<p>Conte\u00fado dispon\u00edvel na p\u00e1gina em finland\u00eas &nbsp; \u25ba Toimintaryhm\u00e4t &nbsp; \u25ba\u00a0\u00a0MENU PRINCIPAL \u25ba\u00a0 IN\u00cdCIO Webmaster webmaster (at) romanos.fi<\/p>\n","protected":false},"author":1,"featured_media":0,"parent":0,"menu_order":505,"comment_status":"closed","ping_status":"closed","template":"","meta":{"footnotes":""},"class_list":["post-22823","page","type-page","status-publish","hentry"],"_links":{"self":[{"href":"https:\/\/www.catholicturku.fi\/index.php?rest_route=\/wp\/v2\/pages\/22823","targetHints":{"allow":["GET"]}}],"collection":[{"href":"https:\/\/www.catholicturku.fi\/index.php?rest_route=\/wp\/v2\/pages"}],"about":[{"href":"https:\/\/www.catholicturku.fi\/index.php?rest_route=\/wp\/v2\/types\/page"}],"author":[{"embeddable":true,"href":"https:\/\/www.catholicturku.fi\/index.php?rest_route=\/wp\/v2\/users\/1"}],"replies":[{"embeddable":true,"href":"https:\/\/www.catholicturku.fi\/index.php?rest_route=%2Fwp%2Fv2%2Fcomments&post=22823"}],"version-history":[{"count":8,"href":"https:\/\/www.catholicturku.fi\/index.php?rest_route=\/wp\/v2\/pages\/22823\/revisions"}],"predecessor-version":[{"id":62889,"href":"https:\/\/www.catholicturku.fi\/index.php?rest_route=\/wp\/v2\/pages\/22823\/revisions\/62889"}],"wp:attachment":[{"href":"https:\/\/www.catholicturku.fi\/index.php?rest_route=%2Fwp%2Fv2%2Fmedia&parent=22823"}],"curies":[{"name":"wp","href":"https:\/\/api.w.org\/{rel}","templated":true}]}}