{"id":22821,"date":"2020-11-21T22:42:58","date_gmt":"2020-11-21T20:42:58","guid":{"rendered":"https:\/\/www.catholicturku.fi\/?page_id=22821"},"modified":"2024-11-20T15:52:58","modified_gmt":"2024-11-20T13:52:58","slug":"22821-2","status":"publish","type":"page","link":"https:\/\/www.catholicturku.fi\/?page_id=22821&lang=pt","title":{"rendered":"<b>Sacerdotes<\/b>"},"content":{"rendered":"<hr \/>\n<p>&nbsp;<\/p>\n<p><img loading=\"lazy\" decoding=\"async\" class=\" wp-image-46436 aligncenter\" src=\"https:\/\/www.catholicturku.fi\/wp-content\/uploads\/SCJ-300x214.jpeg\" alt=\"\" width=\"534\" height=\"381\" srcset=\"https:\/\/www.catholicturku.fi\/wp-content\/uploads\/SCJ-300x214.jpeg 300w, https:\/\/www.catholicturku.fi\/wp-content\/uploads\/SCJ-1024x729.jpeg 1024w, https:\/\/www.catholicturku.fi\/wp-content\/uploads\/SCJ-150x107.jpeg 150w, https:\/\/www.catholicturku.fi\/wp-content\/uploads\/SCJ-768x547.jpeg 768w, https:\/\/www.catholicturku.fi\/wp-content\/uploads\/SCJ-1536x1094.jpeg 1536w, https:\/\/www.catholicturku.fi\/wp-content\/uploads\/SCJ-2048x1459.jpeg 2048w\" sizes=\"auto, (max-width: 534px) 100vw, 534px\" \/><\/p>\n<p>&nbsp;<\/p>\n<hr \/>\n<h4><span style=\"color: #ff0000;\"><strong>P\u00c1ROCO<br \/>\n<\/strong><\/span><\/h4>\n<h6><img loading=\"lazy\" decoding=\"async\" class=\"size-full wp-image-622 alignleft\" src=\"http:\/\/www.catholicturku.fi\/wp-content\/uploads\/father-peter.jpg.1322834756577.jpg\" alt=\"\" width=\"158\" height=\"174\" data-wp-pid=\"622\" srcset=\"https:\/\/www.catholicturku.fi\/wp-content\/uploads\/father-peter.jpg.1322834756577.jpg 158w, https:\/\/www.catholicturku.fi\/wp-content\/uploads\/father-peter.jpg.1322834756577-136x150.jpg 136w\" sizes=\"auto, (max-width: 158px) 100vw, 158px\" \/>O nosso p\u00e1roco, padre <strong>Peter G\u0119bara (SCJ)<\/strong>, nasceu a 10 de maio de 1958 em Chorz\u00f3w, na Sil\u00e9sia, sudoeste da Pol\u00f3nia. Ele \u00e9 o sexto filho de uma fam\u00edlia de dez filhos. Frequentou a escola prim\u00e1ria e secund\u00e1ria na sua cidade natal, depois do qual iniciou o noviciado na comunidade religiosa dos padres e irm\u00e3os do Sagrado Cora\u00e7\u00e3o de Jesus (SCJ) em Pliszczyn, perto de Lublin. Depois de um ano como novato, ele continuou a estudar filosofia e teologia em Stadniki, perto de Crac\u00f3via. Ele recebeu seu diploma de mestre em teologia moral. Ele foi ordenado em junho de 1986. Sua primeira par\u00f3quia foi a par\u00f3quia de W\u0119gl\u00f3wka, na regi\u00e3o montanhosa do sul da Pol\u00f4nia. De l\u00e1, ele foi transferido para a par\u00f3quia de Chmiel\u00f3w, no centro da Pol\u00f4nia. Como sacerdote, trabalhou principalmente com crian\u00e7as e adolescentes.<br \/>\n<span style=\"color: #ffffff;\">\u00b7<\/span><br \/>\nO padre Peter chegou \u00e0 Finl\u00e2ndia em 21 de julho de 1991. Come\u00e7ou como vice-p\u00e1roco na par\u00f3quia de Santa Cruz em Tampere, onde tamb\u00e9m iniciou seus estudos em finland\u00eas e se familiarizou com a cultura e a sociedade finlandesas. Depois de um curto per\u00edodo de tempo, tornouse p\u00e1roco na ampla par\u00f3quia de Santa Cruz. O bispo o designou para ser p\u00e1roco da par\u00f3quia de Santa Br\u00edgida e Beato Hemming em Turku em 1\u00b0 de janeiro de 2003. Padre Peter \u00e9 conhecido como um sacerdote comprometido, ativo, en\u00e9rgico e alegre.<br \/>\n<span style=\"color: #ffffff;\">\u00b7<\/span><br \/>\n\u260f 0400 458128<br \/>\n\u260f +358 400 458128<br \/>\n\u2709\u00a0<span style=\"color: #000000;\"><strong><a style=\"color: #000000;\" href=\"mailto:peter.gebara@katolinen.fi\" target=\"_blank\" rel=\"noopener noreferrer\">peter.gebara (at) katolinen.fi<\/a><\/strong><\/span><\/h6>\n<p>&nbsp;<\/p>\n<hr \/>\n<h4><span style=\"color: #ff0000;\"><strong>VIG\u00c1RIO<\/strong><\/span><\/h4>\n<h6><img loading=\"lazy\" decoding=\"async\" class=\" wp-image-9300 alignright\" src=\"http:\/\/www.catholicturku.fi\/wp-content\/uploads\/stanzawilowicz15-300x300.jpg\" alt=\"\" width=\"156\" height=\"156\" data-wp-pid=\"9300\" srcset=\"https:\/\/www.catholicturku.fi\/wp-content\/uploads\/stanzawilowicz15-300x300.jpg 300w, https:\/\/www.catholicturku.fi\/wp-content\/uploads\/stanzawilowicz15-1024x1024.jpg 1024w, https:\/\/www.catholicturku.fi\/wp-content\/uploads\/stanzawilowicz15-150x150.jpg 150w, https:\/\/www.catholicturku.fi\/wp-content\/uploads\/stanzawilowicz15-768x768.jpg 768w, https:\/\/www.catholicturku.fi\/wp-content\/uploads\/stanzawilowicz15-800x800.jpg 800w, https:\/\/www.catholicturku.fi\/wp-content\/uploads\/stanzawilowicz15-1200x1200-cropped.jpg 1200w, https:\/\/www.catholicturku.fi\/wp-content\/uploads\/stanzawilowicz15.jpg 1363w\" sizes=\"auto, (max-width: 156px) 100vw, 156px\" \/>Nosso vig\u00e1rio, padre<strong> Stanis\u0142aw Zawi\u0142owicz (SCJ)<\/strong>, nasceu em 15 de abril de 1984 em Krynica-Gorska, no sul da Pol\u00f4nia, e foi ordenado sacerdote em 23 de maio de 2010 em Stadniki, perto de Crac\u00f3via. Ele chegou \u00e0 Finl\u00e2ndia em 28 de agosto de 2012.<br \/>\n<span style=\"color: #ffffff;\">\u00b7<\/span><br \/>\n\u260f 045 8407191<br \/>\n\u260f +358 45 8407191<br \/>\n\u2709\u00a0<span style=\"color: #000000;\"><strong><a style=\"color: #000000;\" href=\"mailto:stanislaw.zawilowicz@katolinen.fi\" target=\"_blank\" rel=\"noopener noreferrer\">stanislaw.zawilowicz (at) katolinen.fi<\/a><\/strong><\/span><\/h6>\n<p>&nbsp;<\/p>\n<hr \/>\n<h5>\u25ba\u00a0\u00a0<span style=\"color: #000000;\"><a style=\"color: #000000;\" href=\"https:\/\/www.catholicturku.fi\/?lang=pt\"><strong>MENU PRINCIPAL<\/strong><\/a><\/span><\/h5>\n<h5>\u25ba\u00a0<span style=\"color: #000000;\"> <strong><a style=\"color: #000000;\" href=\"https:\/\/www.catholicturku.fi\/?page_id=22794&amp;lang=pt\">IN\u00cdCIO<\/a><\/strong><\/span><\/h5>\n<hr \/>\n<h6 style=\"text-align: center;\"><strong>Webmaster<\/strong><\/h6>\n<h6 style=\"text-align: center;\"><span style=\"color: #000000;\"><a style=\"color: #000000;\" href=\"mailto:webmaster@romanos.fi\">webmaster (at) romanos.fi<\/a><\/span><\/h6>\n","protected":false},"excerpt":{"rendered":"<p>&nbsp; &nbsp; P\u00c1ROCO O nosso p\u00e1roco, padre Peter G\u0119bara (SCJ), nasceu a 10 de maio de 1958 em Chorz\u00f3w, na Sil\u00e9sia, sudoeste da Pol\u00f3nia. Ele \u00e9 o sexto filho de uma fam\u00edlia de dez filhos. Frequentou a escola prim\u00e1ria e secund\u00e1ria na sua cidade natal, depois do qual iniciou o noviciado na comunidade religiosa dos [&hellip;]<\/p>\n","protected":false},"author":1,"featured_media":0,"parent":0,"menu_order":504,"comment_status":"closed","ping_status":"closed","template":"","meta":{"footnotes":""},"class_list":["post-22821","page","type-page","status-publish","hentry"],"_links":{"self":[{"href":"https:\/\/www.catholicturku.fi\/index.php?rest_route=\/wp\/v2\/pages\/22821","targetHints":{"allow":["GET"]}}],"collection":[{"href":"https:\/\/www.catholicturku.fi\/index.php?rest_route=\/wp\/v2\/pages"}],"about":[{"href":"https:\/\/www.catholicturku.fi\/index.php?rest_route=\/wp\/v2\/types\/page"}],"author":[{"embeddable":true,"href":"https:\/\/www.catholicturku.fi\/index.php?rest_route=\/wp\/v2\/users\/1"}],"replies":[{"embeddable":true,"href":"https:\/\/www.catholicturku.fi\/index.php?rest_route=%2Fwp%2Fv2%2Fcomments&post=22821"}],"version-history":[{"count":11,"href":"https:\/\/www.catholicturku.fi\/index.php?rest_route=\/wp\/v2\/pages\/22821\/revisions"}],"predecessor-version":[{"id":62877,"href":"https:\/\/www.catholicturku.fi\/index.php?rest_route=\/wp\/v2\/pages\/22821\/revisions\/62877"}],"wp:attachment":[{"href":"https:\/\/www.catholicturku.fi\/index.php?rest_route=%2Fwp%2Fv2%2Fmedia&parent=22821"}],"curies":[{"name":"wp","href":"https:\/\/api.w.org\/{rel}","templated":true}]}}