{"id":22794,"date":"2020-11-21T21:53:35","date_gmt":"2020-11-21T19:53:35","guid":{"rendered":"https:\/\/www.catholicturku.fi\/?page_id=22794"},"modified":"2026-04-28T15:43:10","modified_gmt":"2026-04-28T12:43:10","slug":"entrada","status":"publish","type":"page","link":"https:\/\/www.catholicturku.fi\/?page_id=22794&lang=pt","title":{"rendered":"<b>\u00b7 IN\u00cdCIO \u00b7<\/b>"},"content":{"rendered":"<hr \/>\n<p>&nbsp;<\/p>\n<h4 style=\"text-align: center;\"><span style=\"color: #0000ff;\"><strong>Par\u00f3quia cat\u00f3lica da<\/strong><\/span><\/h4>\n<h1 style=\"text-align: center;\"><span style=\"color: #0000ff;\"><strong>SANTA BR\u00cdGIDA E<\/strong><\/span><br \/>\n<span style=\"color: #0000ff;\"><strong>BEATO HEMMING<\/strong><\/span><\/h1>\n<h6 style=\"text-align: center;\"><span style=\"color: #0000ff;\">\u00b7<\/span><\/h6>\n<h3 style=\"text-align: center;\"><span style=\"color: #0000ff;\"><strong>Turku<\/strong> \ud83c\uddeb\ud83c\uddee\u00a0<strong>Finl\u00e2ndia<\/strong><\/span><\/h3>\n<p>&nbsp;<\/p>\n<p><img loading=\"lazy\" decoding=\"async\" class=\" wp-image-19337 aligncenter\" src=\"https:\/\/www.catholicturku.fi\/wp-content\/uploads\/turku-300x256.jpg\" alt=\"\" width=\"380\" height=\"324\" data-wp-pid=\"19337\" srcset=\"https:\/\/www.catholicturku.fi\/wp-content\/uploads\/turku-300x256.jpg 300w, https:\/\/www.catholicturku.fi\/wp-content\/uploads\/turku-150x128.jpg 150w, https:\/\/www.catholicturku.fi\/wp-content\/uploads\/turku.jpg 600w\" sizes=\"auto, (max-width: 380px) 100vw, 380px\" \/><\/p>\n<p>&nbsp;<\/p>\n<h1 style=\"text-align: center;\"><span style=\"color: #0000ff;\"><strong>CHRISTUS RESURREXIT!<\/strong><\/span><\/h1>\n<h4 style=\"text-align: center;\"><span style=\"color: #0000ff;\"><strong>Cristo j\u00e1 ressuscitou!<\/strong><\/span><\/h4>\n<p>&nbsp;<\/p>\n<hr \/>\n<h6><span style=\"color: #ffffff;\">\u00b7<\/span><\/h6>\n<h1 style=\"text-align: center;\"><span style=\"color: #ff0000;\"><strong>PR\u00d3XIMOS<\/strong><\/span><\/h1>\n<h6 style=\"text-align: center;\"><span style=\"color: #ffffff;\">\u00b7<\/span><\/h6>\n<h5 style=\"text-align: center;\"><span style=\"color: #000000;\"><a style=\"color: #000000;\" href=\"https:\/\/www.catholicturku.fi\/?cat=279&amp;lang=pt\"><strong>Programa semanal<\/strong><\/a><\/span><br \/>\n<span style=\"color: #000000;\"><a style=\"color: #000000;\" href=\"https:\/\/www.catholicturku.fi\/?cat=277&amp;lang=pt\"><strong>Domingos e exce\u00e7\u00f5es<\/strong><\/a><\/span><\/h5>\n<h5 style=\"text-align: center;\"><span style=\"color: #000000;\"><a style=\"color: #000000;\" href=\"https:\/\/calendar.google.com\/calendar\/embed?src=turunkatolinensrk%40gmail.com&amp;ctz=Europe%2FHelsinki\" target=\"_blank\" rel=\"noopener noreferrer\"><strong>Calend\u00e1rio de GOOGLE<\/strong><\/a><\/span><\/h5>\n<h6><span style=\"color: #ffffff;\">\u00b7<\/span><\/h6>\n<hr \/>\n<h6 style=\"text-align: center;\"><span style=\"color: #ffffff;\">\u00b7<\/span><\/h6>\n<h3><span style=\"color: #ff0000;\"><strong>NA QUARTA-FEIRA 29.4.2026<\/strong><\/span><\/h3>\n<h6><span style=\"color: #ff0000;\"><strong>Santa Catarina de Siena, virgem e doutora da Igreja<br \/>\nPadroeira da Europa<\/strong><\/span><\/h6>\n<ul>\n<li>\n<h6>07.30\u00a0 \u00a0Missa da festa<\/h6>\n<\/li>\n<\/ul>\n<p>&nbsp;<\/p>\n<h3><strong>NA SEXTA-FEIRA 1.5.2026<\/strong><\/h3>\n<h6><strong>S\u00e3o Jos\u00e9 Oper\u00e1rio<\/strong><\/h6>\n<ul>\n<li>\n<h6>07.30\u00a0 \u00a0Missa em finland\u00eas<\/h6>\n<\/li>\n<li>\n<h6><span style=\"color: #0000ff;\"><strong>17.00\u00a0 \u00a0Adora\u00e7\u00e3o ao Sant\u00edssimo Sacramento<\/strong><\/span><\/h6>\n<\/li>\n<\/ul>\n<p>&nbsp;<\/p>\n<h3><span style=\"color: #ff0000;\"><strong>NO DOMINGO 3.5.2026<\/strong><\/span><\/h3>\n<h6><span style=\"color: #ff0000;\"><strong>Quinto Domingo da P\u00e1scoa<\/strong><\/span><\/h6>\n<ul>\n<li>\n<h6>09.00\u00a0 \u00a0Missa em latim<\/h6>\n<\/li>\n<li>\n<h6>10.00\u00a0 \u00a0Ros\u00e1rio<\/h6>\n<\/li>\n<li>\n<h6><strong>10.30\u00a0 \u00a0Missa paroquial<\/strong><\/h6>\n<\/li>\n<li>\n<h6>12.30\u00a0 \u00a0Missa em polon\u00eas<\/h6>\n<\/li>\n<li>\n<h6>18.00\u00a0 \u00a0Missa em ingles<\/h6>\n<\/li>\n<\/ul>\n<p>&nbsp;<\/p>\n<h3><span style=\"color: #333333;\"><strong>NO S\u00c1BADO 9.5.2026<\/strong><\/span><\/h3>\n<ul>\n<li>\n<h6>07.30\u00a0 \u00a0Missa em honra da Bem-Aventurada<br \/>\n<span style=\"color: #ffffff;\">07.30<\/span>\u00a0 \u00a0Virgem Maria<\/h6>\n<\/li>\n<li>\n<h6><span style=\"color: #008000;\"><strong>10.00\u00a0 \u00a0Missa em sueco em Mariehamn<br \/>\n<\/strong><\/span><\/h6>\n<h6><span style=\"color: #008000;\"><strong><span style=\"color: #ffffff;\">10.00<\/span>\u00a0<\/strong> \u00a0S:T G\u00d6RANS LUTHERSKA KYRKA<strong><br \/>\n<span style=\"color: #ffffff;\">10.00<\/span><\/strong>\u00a0 \u00a0Igreja luterana de S\u00e3o Jorge<\/span><\/h6>\n<h6><span style=\"color: #008000;\"><span style=\"color: #ffffff;\"><strong>10.00<\/strong><\/span>\u00a0 \u00a0<a style=\"color: #008000;\" href=\"https:\/\/www.google.com\/maps\/place\/Pyh%C3%A4n+Yrj%C3%B6n+kirkko\/@60.0972392,19.9348252,16z\/data=!3m1!4b1!4m6!3m5!1s0x468ac40b345d8cef:0xd2eebba6fff12956!8m2!3d60.0972392!4d19.9348252!16s%2Fg%2F11b6bgbz0w?entry=ttu&amp;g_ep=EgoyMDI1MDEwMS4wIKXMDSoASAFQAw%3D%3D\" target=\"_blank\" rel=\"noopener\">\u00d6stra Esplanadgatan 6 \u00b7 Mariehamn<\/a><\/span><\/h6>\n<\/li>\n<li>\n<h6><span style=\"color: #0000ff;\"><strong>12.00\u00a0 \u00a0Santa Missa &amp; primeira comunh\u00e3o<\/strong><\/span><\/h6>\n<\/li>\n<\/ul>\n<p>&nbsp;<\/p>\n<h3><span style=\"color: #ff0000;\"><strong>NO DOMINGO 10.5.2026<\/strong><\/span><\/h3>\n<h6><span style=\"color: #ff0000;\"><strong>Sexto Domingo da P\u00e1scoa<\/strong><\/span><\/h6>\n<ul>\n<li>\n<h6>09.00\u00a0 \u00a0Missa em sueco<\/h6>\n<\/li>\n<li>\n<h6>10.00\u00a0 \u00a0Ros\u00e1rio<\/h6>\n<\/li>\n<li>\n<h6><strong>10.30\u00a0 \u00a0Missa paroquial<\/strong><\/h6>\n<\/li>\n<li>\n<h6><span style=\"color: #008000;\"><strong>15.00\u00a0 \u00a0Missa em finland\u00eas em Eurajoki<br \/>\n<\/strong><\/span><\/h6>\n<h6><span style=\"color: #008000;\"><span style=\"color: #ffffff;\"><strong>15.00<\/strong><\/span>\u00a0 \u00a0KUSTAA AADOLFIN LUTERILAINEN KIRKKO<br \/>\n<span style=\"color: #ffffff;\"><strong>15.00<\/strong><\/span>\u00a0 \u00a0Igreja luterana de Gustavo Adolfo<br \/>\n<\/span><\/h6>\n<h6><span style=\"color: #008000;\"><span style=\"color: #ffffff;\"><strong>15.00<\/strong><\/span>\u00a0 \u00a0<a style=\"color: #008000;\" href=\"https:\/\/www.google.fi\/maps\/place\/Eurajoen+kirkko\/@61.2023265,21.7293437,593m\/data=!3m1!1e3!4m6!3m5!1s0x46897b3e7a31e23f:0x91880614d7c50c3!8m2!3d61.2022464!4d21.7314036!16s%2Fg%2F122kclk_?entry=ttu&amp;g_ep=EgoyMDI2MDEwNy4wIKXMDSoASAFQAw%3D%3D\" target=\"_blank\" rel=\"noopener\">Kirkkotie 8 \u00b7 Eurajoki<\/a><\/span><\/h6>\n<\/li>\n<li>\n<h6><strong><span style=\"color: #008000;\">17.00\u00a0 \u00a0Missa em finland\u00eas em Pori<\/span><\/strong><\/h6>\n<h6><span style=\"color: #008000;\"><span style=\"color: #ffffff;\"><strong>17.00<\/strong><\/span>\u00a0 \u00a0PYH\u00c4N JOHANNES TEOLOGIN<br \/>\n<span style=\"color: #ffffff;\"><strong>17.00<\/strong><\/span>\u00a0 \u00a0ORTODOKSINEN KIRKKO<\/span><br \/>\n<span style=\"color: #008000;\"><span style=\"color: #ffffff;\"><strong>17.00<\/strong><\/span>\u00a0 \u00a0Igreja ortodoxa de S\u00e3o Jo\u00e3o, o Te\u00f3logo<\/span><\/h6>\n<h6><span style=\"color: #008000;\"><span style=\"color: #ffffff;\"><strong>17.00<\/strong><\/span>\u00a0 \u00a0<a style=\"color: #008000;\" href=\"https:\/\/www.google.com\/maps\/place\/Apostoli+Johannes+Teologin+kirkko\/@61.4857677,21.7585103,17z\/data=!3m1!4b1!4m6!3m5!1s0x46890adfe53e3a3f:0x3cf0ca76d6b0d30f!8m2!3d61.4857677!4d21.7610852!16s%2Fg%2F121vxlv4?hl=fi&amp;entry=ttu\" target=\"_blank\" rel=\"noopener\">Maantiekatu 46 \u00b7 Pori<\/a><\/span><\/h6>\n<\/li>\n<li>\n<h6>18.00\u00a0 \u00a0Missa em ingles<\/h6>\n<\/li>\n<\/ul>\n<p>&nbsp;<\/p>\n<hr \/>\n<h6><span style=\"color: #ffffff;\">\u00b7<\/span><\/h6>\n<h1 style=\"text-align: center;\"><span style=\"color: #ff0000;\"><strong>MISSAS SAGRADAS<\/strong><\/span><\/h1>\n<h4 style=\"text-align: center;\"><span style=\"color: #ff0000;\"><strong>\u00b7 TURKU \u00b7<\/strong><\/span><\/h4>\n<h6><span style=\"color: #ffffff;\">\u00b7<\/span><\/h6>\n<hr \/>\n<h6><span style=\"color: #ffffff;\">\u00b7<\/span><\/h6>\n<h3><strong>NOS DOMINGOS<\/strong><\/h3>\n<ul>\n<li>\n<h6>09.00\u00a0 \u00a0Missa em sueco\u00a0 |<br \/>\n<span style=\"color: #ffffff;\">09.00<\/span>\u00a0 \u00a0Missa em latim<\/h6>\n<\/li>\n<li>\n<h6>10.00\u00a0 \u00a0Ros\u00e1rio<\/h6>\n<\/li>\n<li>\n<h6><strong>10.30\u00a0 \u00a0Missa paroquial<\/strong><\/h6>\n<\/li>\n<li>\n<h6>12.30\u00a0 \u00a0Missa em polon\u00eas\u00a0 |<br \/>\n<span style=\"color: #ffffff;\">12.30<\/span>\u00a0 \u00a0Missa em vietnamita\u00a0 |<br \/>\n<span style=\"color: #ffffff;\">12.30<\/span>\u00a0 \u00a0Missa em tagalog\u00a0 |<br \/>\n<span style=\"color: #ffffff;\">12.30<\/span>\u00a0 \u00a0N\u00e3o h\u00e1 missa<\/h6>\n<\/li>\n<li>\n<h6>18.00\u00a0 \u00a0Missa em ingles<\/h6>\n<\/li>\n<\/ul>\n<h6><span style=\"color: #ffffff;\">\u00b7<\/span><\/h6>\n<h3><strong>NAS SEGUNDAS-FEIRAS<\/strong><\/h3>\n<ul>\n<li>\n<h6>07.30\u00a0 \u00a0Missa em finland\u00eas<\/h6>\n<\/li>\n<\/ul>\n<h6><span style=\"color: #ffffff;\">\u00b7<\/span><\/h6>\n<h3><strong>NAS TER\u00c7AS-FEIRAS<\/strong><\/h3>\n<ul>\n<li>\n<h6>18.00\u00a0 \u00a0Missa em finland\u00eas<\/h6>\n<\/li>\n<\/ul>\n<h6><span style=\"color: #ffffff;\">\u00b7<\/span><\/h6>\n<h3><strong>NAS QUARTAS-FEIRAS<\/strong><\/h3>\n<ul>\n<li>\n<h6>07.30\u00a0 \u00a0Missa em finland\u00eas<\/h6>\n<\/li>\n<\/ul>\n<h6><span style=\"color: #ffffff;\">\u00b7<\/span><\/h6>\n<h3><strong>NAS QUINTAS-FEIRAS<\/strong><\/h3>\n<ul>\n<li>\n<h6>17.30\u00a0 \u00a0Adora\u00e7\u00e3o\u00a0 |<br \/>\n<span style=\"color: #ffffff;\">17.30<\/span>\u00a0 \u00a0Caminho de Cruz<\/h6>\n<\/li>\n<li>\n<h6>18.00\u00a0 \u00a0Missa em finland\u00eas<\/h6>\n<\/li>\n<\/ul>\n<h6><span style=\"color: #ffffff;\">\u00b7<\/span><\/h6>\n<h3><strong>NAS SEXTAS-FEIRAS <\/strong><\/h3>\n<ul>\n<li>\n<h6>07.30\u00a0 \u00a0Missa em finland\u00eas<\/h6>\n<\/li>\n<\/ul>\n<h6><span style=\"color: #ffffff;\">\u00b7<\/span><\/h6>\n<h3><strong>NOS S\u00c1BADOS<\/strong><\/h3>\n<ul>\n<li>\n<h6>07.30\u00a0 \u00a0Missa em finland\u00eas<\/h6>\n<\/li>\n<\/ul>\n<h6 style=\"text-align: center;\"><span style=\"color: #ffffff;\">\u00b7<\/span><\/h6>\n<p style=\"text-align: center;\">\u2500\u2500<\/p>\n<h6 style=\"text-align: center;\"><span style=\"color: #ffffff;\">\u00b7<\/span><\/h6>\n<h3><strong>Irm\u00e3s Br\u00edgidas todos os dias<\/strong><\/h3>\n<ul>\n<li>\n<h6>06.10\u00a0 \u00a0Officium lectionis e laudes<\/h6>\n<\/li>\n<li>\n<h6>16.00\u00a0 \u00a0Ros\u00e1rio e v\u00e9speras<\/h6>\n<\/li>\n<\/ul>\n<p>&nbsp;<\/p>\n<hr \/>\n<h6><span style=\"color: #ffffff;\">\u00b7<\/span><\/h6>\n<h1 style=\"text-align: center;\"><span style=\"color: #ff0000;\"><strong>MISSAS SAGRADAS<\/strong><\/span><\/h1>\n<h4 style=\"text-align: center;\"><span style=\"color: #ff0000;\"><strong>\u00b7 DI\u00c1SPORA \u00b7<\/strong><\/span><\/h4>\n<h6><span style=\"color: #ffffff;\">\u00b7<\/span><\/h6>\n<hr \/>\n<h6><span style=\"color: #ffffff;\">\u00b7<\/span><\/h6>\n<h2><span style=\"color: #008000;\"><strong>EURAJOKI<\/strong><\/span><\/h2>\n<h6><span style=\"color: #000000;\"><strong><span style=\"color: #008000;\">Missas em finland\u00eas<\/span><br \/>\n<span style=\"color: #ffffff;\">\u00b7<\/span><br \/>\n<\/strong><\/span><\/h6>\n<h6><span style=\"color: #000000;\"><strong>\u21d2\u00a0 KUSTAA AADOLFIN LUTERILAINEN KIRKKO<br \/>\n<span style=\"color: #ffffff;\">\u21d2<\/span>\u00a0 Igreja luterana de Gustavo Adolfo<br \/>\n<\/strong><\/span><\/h6>\n<h6><span style=\"color: #000000;\"><strong><span style=\"color: #ffffff;\">\u21d2<\/span>\u00a0\u00a0<a style=\"color: #000000;\" href=\"https:\/\/www.google.fi\/maps\/place\/Eurajoen+kirkko\/@61.2023265,21.7293437,593m\/data=!3m1!1e3!4m6!3m5!1s0x46897b3e7a31e23f:0x91880614d7c50c3!8m2!3d61.2022464!4d21.7314036!16s%2Fg%2F122kclk_?entry=ttu&amp;g_ep=EgoyMDI2MDEwNy4wIKXMDSoASAFQAw%3D%3D\" target=\"_blank\" rel=\"noopener\">Kirkkotie 8 \u00b7 Eurajoki<\/a><\/strong><\/span><\/h6>\n<ul>\n<li>\n<h6>no domingo 10.5.2026 \u00e0s 15.00<\/h6>\n<\/li>\n<li>\n<h6>no domingo 24.5.2026 \u00e0s 15.00<\/h6>\n<\/li>\n<li>\n<h6>no domingo 14.6.2026 \u00e0s 15.00<\/h6>\n<\/li>\n<li>\n<h6>no domingo 28.6.2026 \u00e0s 15.00<\/h6>\n<\/li>\n<li>\n<h6><\/h6>\n<\/li>\n<\/ul>\n<p>&nbsp;<\/p>\n<hr \/>\n<h6><span style=\"color: #ffffff;\">\u00b7<\/span><\/h6>\n<h2><span style=\"color: #008000;\"><strong>PORI<\/strong><\/span><\/h2>\n<h6><span style=\"color: #000000;\"><strong><span style=\"color: #008000;\">Missas em finland\u00eas<\/span><br \/>\n<span style=\"color: #ffffff;\">\u00b7<\/span><br \/>\n\u21d2\u00a0 PYH\u00c4N JOHANNES TEOLOGIN ORTODOKSINEN KIRKKO<br \/>\n<span style=\"color: #ffffff;\">\u21d2<\/span>\u00a0 Igreja ortodoxa de S\u00e3o Jo\u00e3o, o Te\u00f3logo<\/strong><br \/>\n<\/span><\/h6>\n<h6><strong><span style=\"color: #000000;\"><span style=\"color: #ffffff;\">\u21d2<\/span>\u00a0\u00a0<\/span><span style=\"color: #000000;\"><a style=\"color: #000000;\" href=\"https:\/\/www.google.com\/maps\/place\/Apostoli+Johannes+Teologin+kirkko\/@61.4857677,21.7585103,17z\/data=!3m1!4b1!4m6!3m5!1s0x46890adfe53e3a3f:0x3cf0ca76d6b0d30f!8m2!3d61.4857677!4d21.7610852!16s%2Fg%2F121vxlv4?hl=fi&amp;entry=ttu\" target=\"_blank\" rel=\"noopener\">Maantiekatu 46 \u00b7 Pori<\/a><\/span><\/strong><\/h6>\n<ul>\n<li>\n<h6>no domingo 10.5.2026 \u00e0s 17.00<\/h6>\n<\/li>\n<li>\n<h6><\/h6>\n<\/li>\n<\/ul>\n<p>&nbsp;<\/p>\n<hr \/>\n<h6><span style=\"color: #ffffff;\">\u00b7<\/span><\/h6>\n<h2><span style=\"color: #008000;\"><strong>RAUMA<\/strong><\/span><\/h2>\n<h6><strong><span style=\"color: #008000;\">Missas em tagalog<\/span><span style=\"color: #000000;\"><br \/>\n<\/span><\/strong><\/h6>\n<h6><span style=\"color: #ffffff;\">\u00b7<\/span><\/h6>\n<h6><strong><span style=\"color: #000000;\">\u21d2\u00a0 NUORTENTALO<\/span><\/strong><br \/>\n<strong><span style=\"color: #000000;\"><span style=\"color: #ffffff;\">\u21d2\u00a0<\/span> <a style=\"color: #000000;\" href=\"https:\/\/www.google.fi\/maps\/place\/Hallikatu+12,+26100+Rauma\/@61.1295963,21.496425,17z\/data=!3m1!4b1!4m6!3m5!1s0x46897e0e3c233317:0x91d7873be4771097!8m2!3d61.1295937!4d21.4989999!16s%2Fg%2F11kq0f8jk7?entry=ttu\" target=\"_blank\" rel=\"noopener\">Hallikatu 12 \u00b7 Rauma<\/a><\/span><\/strong><\/h6>\n<ul>\n<li>\n<h6>no s\u00e1bado 16.5.2026 \u00e0s 13.30<\/h6>\n<\/li>\n<li>\n<h6>no s\u00e1bado 20.6.2026 \u00e0s 13.30<\/h6>\n<\/li>\n<li>\n<h6><\/h6>\n<\/li>\n<\/ul>\n<p>&nbsp;<\/p>\n<hr \/>\n<h6 style=\"text-align: center;\"><span style=\"color: #ffffff;\">\u00b7<\/span><\/h6>\n<h3><strong>Ilhas \u00c5land<\/strong><\/h3>\n<h2><span style=\"color: #008000;\"><strong>K\u00d6KAR<\/strong><\/span><\/h2>\n<h6><span style=\"color: #000000;\"><strong><span style=\"color: #008000;\">Missas em sueco<\/span><br \/>\n<span style=\"color: #ffffff;\">\u00b7<\/span><br \/>\n\u21d2\u00a0 S:TA ANNAS LUTHERSKA KYRKA<\/strong><br \/>\n<strong><span style=\"color: #ffffff;\">\u21d2<\/span>\u00a0 Igreja luterana de Santa Ana<\/strong><\/span><\/h6>\n<h6><strong><span style=\"color: #000000;\"><span style=\"color: #ffffff;\">\u21d2<\/span>\u00a0\u00a0<\/span><span style=\"color: #000000;\"><a style=\"color: #000000;\" href=\"https:\/\/www.google.fi\/maps\/place\/K%C3%B6karin+kirkko\/@59.9419393,20.87769,12.92z\/data=!4m6!3m5!1s0x468b392d6ea60e73:0xc0788a60e7f63136!8m2!3d59.9475354!4d20.8786971!16s%2Fg%2F122fpt10?entry=ttu\" target=\"_blank\" rel=\"noopener\">Hamn\u00f6 \u00b7 K\u00f6kar<\/a><\/span><\/strong><\/h6>\n<ul>\n<li>\n<h6><\/h6>\n<\/li>\n<\/ul>\n<p>&nbsp;<\/p>\n<hr \/>\n<h6><span style=\"color: #ffffff;\">\u00b7<\/span><\/h6>\n<h3><strong>Ilhas \u00c5land<\/strong><\/h3>\n<h2><span style=\"color: #008000;\"><strong>MARIEHAMN<\/strong><\/span><\/h2>\n<h6><span style=\"color: #000000;\"><strong><span style=\"color: #008000;\">Missas em sueco<\/span><br \/>\n<span style=\"color: #ffffff;\">\u00b7<\/span><\/strong><\/span><\/h6>\n<h6><strong><span style=\"color: #000000;\">\u21d2\u00a0 S:T G\u00d6RANS LUTHERSKA KYRKA<br \/>\n<span style=\"color: #ffffff;\">\u21d2<\/span>\u00a0 Igreja luterana de S\u00e3o Jorge<br \/>\n<\/span><\/strong><\/h6>\n<h6><strong><span style=\"color: #000000;\"><span style=\"color: #ffffff;\">\u21d2<\/span> \u00a0<\/span><span style=\"color: #000000;\"><a style=\"color: #000000;\" href=\"https:\/\/www.google.com\/maps\/place\/Pyh%C3%A4n+Yrj%C3%B6n+kirkko\/@60.0972392,19.9348252,16z\/data=!3m1!4b1!4m6!3m5!1s0x468ac40b345d8cef:0xd2eebba6fff12956!8m2!3d60.0972392!4d19.9348252!16s%2Fg%2F11b6bgbz0w?entry=ttu&amp;g_ep=EgoyMDI1MDEwMS4wIKXMDSoASAFQAw%3D%3D\" target=\"_blank\" rel=\"noopener\">\u00d6stra Esplanadgatan 6 \u00b7 Mariehamn<\/a><\/span><\/strong><\/h6>\n<ul>\n<li>\n<h6>no s\u00e1bado 9.5.2026 \u00e0s 10.00<\/h6>\n<\/li>\n<li>\n<h6>no s\u00e1bado 23.5.2026 \u00e0s 10.00<\/h6>\n<\/li>\n<\/ul>\n<p>&nbsp;<\/p>\n<hr \/>\n<h6><span style=\"color: #ffffff;\">\u00b7<\/span><\/h6>\n<h1 style=\"text-align: center;\"><span style=\"color: #ff0000;\"><strong>CONFISS\u00c3O<\/strong><\/span><\/h1>\n<h6 style=\"text-align: center;\"><span style=\"color: #ffffff;\">\u00b7<\/span><\/h6>\n<h6>Meia hora antes da missa e com hora marcada.<\/h6>\n<h6 style=\"text-align: center;\"><span style=\"color: #ffffff;\">\u00b7<\/span><\/h6>\n<h5><span style=\"color: #000000;\">\u25ba \u00a0<a style=\"color: #000000;\" href=\"https:\/\/www.catholicturku.fi\/?page_id=22811&amp;lang=pt\"><strong>INFORMA\u00c7\u00d5ES DE CONTATO<\/strong><\/a><\/span><\/h5>\n<p>&nbsp;<\/p>\n<hr \/>\n<h6><span style=\"color: #ffffff;\">\u00b7<\/span><\/h6>\n<h1 style=\"text-align: center;\"><span style=\"color: #ff0000;\"><strong>LOCALIZA\u00c7\u00c3O<\/strong><\/span><\/h1>\n<h6 style=\"text-align: center;\"><span style=\"color: #ffffff;\">\u00b7<\/span><\/h6>\n<h5 style=\"text-align: center;\"><span style=\"color: #000000;\"><strong><a style=\"color: #000000;\" href=\"https:\/\/www.google.fi\/maps\/place\/Ursininkatu+15a,+20100+Turku\/@60.4492818,22.2482722,16z\/data=!4m5!3m4!1s0x468c76ff5e84a73b:0x68bf8f971e74a137!8m2!3d60.4499851!4d22.2546002\" target=\"_blank\" rel=\"noopener noreferrer\">Ursininkatu 15 a<br \/>\nTURKU \u00b7 FINL\u00c2NDIA<\/a><\/strong><\/span><\/h5>\n<h6 style=\"text-align: center;\"><span style=\"color: #ffffff;\">\u00b7<\/span><\/h6>\n<h6 style=\"text-align: center;\"><span style=\"color: #000000;\"><a style=\"color: #000000;\" href=\"https:\/\/en.ilmatieteenlaitos.fi\/local-weather\/turku?forecast=daily\" target=\"_blank\" rel=\"noopener\"><strong>Clima em Turku<\/strong><\/a><\/span><\/h6>\n<h6 style=\"text-align: center;\"><span style=\"color: #ffffff;\">\u00b7<\/span><\/h6>\n<p><a href=\"https:\/\/www.google.fi\/maps\/place\/Ursininkatu+15a,+20100+Turku\/@60.4492818,22.2482722,16z\/data=!4m5!3m4!1s0x468c76ff5e84a73b:0x68bf8f971e74a137!8m2!3d60.4499851!4d22.2546002\" target=\"_blank\" rel=\"noopener noreferrer\"><img loading=\"lazy\" decoding=\"async\" class=\"aligncenter\" src=\"http:\/\/www.catholicturku.fi\/wp-content\/uploads\/churchmap-1024x619.png\" alt=\"\" width=\"1024\" height=\"619\" \/><\/a><\/p>\n<p>&nbsp;<\/p>\n<p><a href=\"https:\/\/www.google.com\/maps\/d\/viewer?ll=60.50710096676241%2C21.450805476562437&amp;spn=6.939149%2C18.676758&amp;hl=en&amp;msa=0&amp;source=embed&amp;ie=UTF8&amp;mid=1awM3YtpuKoUoUdVAodvYK1x2k0s&amp;z=8\" target=\"_blank\" rel=\"noopener noreferrer\"><img loading=\"lazy\" decoding=\"async\" class=\"aligncenter wp-image-16585\" src=\"https:\/\/www.catholicturku.fi\/wp-content\/uploads\/map-300x241.png\" alt=\"\" width=\"585\" height=\"470\" data-wp-pid=\"16585\" srcset=\"https:\/\/www.catholicturku.fi\/wp-content\/uploads\/map-300x241.png 300w, https:\/\/www.catholicturku.fi\/wp-content\/uploads\/map-150x121.png 150w, https:\/\/www.catholicturku.fi\/wp-content\/uploads\/map.png 523w\" sizes=\"auto, (max-width: 585px) 100vw, 585px\" \/><\/a><\/p>\n<p>&nbsp;<\/p>\n<hr \/>\n<h5>\u25ba\u00a0\u00a0<span style=\"color: #000000;\"><a style=\"color: #000000;\" href=\"https:\/\/www.catholicturku.fi\/?lang=pt\"><strong>MENU PRINCIPAL<\/strong><\/a><\/span><\/h5>\n<hr \/>\n<h6 style=\"text-align: center;\"><strong>Webmaster<\/strong><\/h6>\n<h6 style=\"text-align: center;\"><span style=\"color: #000000;\"><a style=\"color: #000000;\" href=\"mailto:webmaster@romanos.fi\">webmaster (at) romanos.fi<\/a><\/span><\/h6>\n","protected":false},"excerpt":{"rendered":"<p>&nbsp; Par\u00f3quia cat\u00f3lica da SANTA BR\u00cdGIDA E BEATO HEMMING \u00b7 Turku \ud83c\uddeb\ud83c\uddee\u00a0Finl\u00e2ndia &nbsp; &nbsp; CHRISTUS RESURREXIT! Cristo j\u00e1 ressuscitou! &nbsp; \u00b7 PR\u00d3XIMOS \u00b7 Programa semanal Domingos e exce\u00e7\u00f5es Calend\u00e1rio de GOOGLE \u00b7 \u00b7 NA QUARTA-FEIRA 29.4.2026 Santa Catarina de Siena, virgem e doutora da Igreja Padroeira da Europa 07.30\u00a0 \u00a0Missa da festa &nbsp; NA SEXTA-FEIRA [&hellip;]<\/p>\n","protected":false},"author":1,"featured_media":0,"parent":0,"menu_order":502,"comment_status":"closed","ping_status":"closed","template":"","meta":{"footnotes":""},"class_list":["post-22794","page","type-page","status-publish","hentry"],"_links":{"self":[{"href":"https:\/\/www.catholicturku.fi\/index.php?rest_route=\/wp\/v2\/pages\/22794","targetHints":{"allow":["GET"]}}],"collection":[{"href":"https:\/\/www.catholicturku.fi\/index.php?rest_route=\/wp\/v2\/pages"}],"about":[{"href":"https:\/\/www.catholicturku.fi\/index.php?rest_route=\/wp\/v2\/types\/page"}],"author":[{"embeddable":true,"href":"https:\/\/www.catholicturku.fi\/index.php?rest_route=\/wp\/v2\/users\/1"}],"replies":[{"embeddable":true,"href":"https:\/\/www.catholicturku.fi\/index.php?rest_route=%2Fwp%2Fv2%2Fcomments&post=22794"}],"version-history":[{"count":1615,"href":"https:\/\/www.catholicturku.fi\/index.php?rest_route=\/wp\/v2\/pages\/22794\/revisions"}],"predecessor-version":[{"id":75581,"href":"https:\/\/www.catholicturku.fi\/index.php?rest_route=\/wp\/v2\/pages\/22794\/revisions\/75581"}],"wp:attachment":[{"href":"https:\/\/www.catholicturku.fi\/index.php?rest_route=%2Fwp%2Fv2%2Fmedia&parent=22794"}],"curies":[{"name":"wp","href":"https:\/\/api.w.org\/{rel}","templated":true}]}}