{"id":1594,"date":"2019-05-15T10:42:51","date_gmt":"2019-05-15T07:42:51","guid":{"rendered":"http:\/\/www.catholicturku.fi\/?page_id=1594"},"modified":"2024-11-20T16:43:57","modified_gmt":"2024-11-20T14:43:57","slug":"cotisation","status":"publish","type":"page","link":"https:\/\/www.catholicturku.fi\/?page_id=1594&lang=fr","title":{"rendered":"<b>Cotisation et la qu\u00eate<\/b>"},"content":{"rendered":"<hr \/>\n<h4><span style=\"color: #ff0000;\"><strong>COTISATION<\/strong><\/span><\/h4>\n<h6><span style=\"color: #ffffff;\">\u00b7<\/span><\/h6>\n<h6><strong>Chers membres du dioc\u00e8se!<\/strong><\/h6>\n<h6><span style=\"color: #ffffff;\">\u00b7<\/span><\/h6>\n<h6>Les r\u00e9cents changements \u00e9conomiques, y compris les nouvelles r\u00e8gles sur les salaires des pr\u00eatres, ont suscit\u00e9 de nombreuses questions parmi les membres de notre dioc\u00e8se. Les gens peuvent notamment se demander comment l&#8217;\u00c9glise en Finlande survivra dans les nouvelles circonstances. C&#8217;est pourquoi je souhaite clarifier comment les membres du dioc\u00e8se peuvent soutenir financi\u00e8rement l&#8217;\u00c9glise. Dans le m\u00eame temps, je tiens \u00e9galement \u00e0 souligner leur obligation en la mati\u00e8re. Dans l&#8217;\u00c9glise catholique, chaque paroissien est tenu de soutenir l&#8217;\u00c9glise et la paroisse, y compris financi\u00e8rement, en fonction de ses capacit\u00e9s. Dans le dioc\u00e8se catholique d&#8217;Helsinki, \u00e0 compter du d\u00e9but de l&#8217;ann\u00e9e 2018, cela est mis en \u0153uvre comme suit:<\/h6>\n<h6><span style=\"color: #ffffff;\">\u00b7<\/span><\/h6>\n<h6><b>Chaque catholique de plus de 18 ans est tenu de verser 1,5% de son revenu imposable sur le compte bancaire de sa propre paroisse.<br \/>\n<\/b><br \/>\n<span style=\"color: #000000;\">\u25ba \u00a0<a style=\"color: #000000;\" href=\"https:\/\/katolinen.fi\/jasenmaksu\/\" target=\"_blank\" rel=\"noopener noreferrer\"><strong>LIRE LA SUITE ICI<\/strong><\/a><\/span><\/h6>\n<h6><span style=\"color: #ffffff;\">\u00b7<\/span><\/h6>\n<h6>De toute \u00e9vidence, il n\u2019est pas n\u00e9cessaire de payer, au moins le montant total, si on est en grande difficult\u00e9 \u00e9conomique. La m\u00e9thode de paiement recommand\u00e9e est un transfert automatique mensuel sur le compte de cotisation de la paroisse. Chaque paroisse consacre environ 10% de ses revenus \u00e0 l\u2019utilisation du dioc\u00e8se. Le dioc\u00e8se a besoin de ce revenu pour le maintien de fonctions communes, notamment pour soutenir les paroisses qui ne sont pas financi\u00e8rement ind\u00e9pendantes.<\/h6>\n<h6><span style=\"color: #ffffff;\">\u00b7<\/span><\/h6>\n<h6><strong>Cette ligne directrice supprime toutes les directives pr\u00e9c\u00e9dentes concernant le soutien financier \u00e0 l&#8217;\u00c9glise.<\/strong><\/h6>\n<h6><span style=\"color: #ffffff;\">\u00b7<\/span><\/h6>\n<h6>Cependant, on peut toujours aussi soutenir le dioc\u00e8se directement, tout comme avant. De plus, les membres du dioc\u00e8se sont toujours tenus de payer les frais d\u2019abonnement annuels au journal dioc\u00e9sain Fides, qui sont envoy\u00e9s \u00e0 tous les foyers catholiques. Merci \u00e0 tous ceux qui soutiennent d\u00e9j\u00e0 l&#8217;\u00c9glise!<\/h6>\n<h6><span style=\"color: #ffffff;\">\u00b7<\/span><\/h6>\n<h6>Helsinki 8.1.2018<\/h6>\n<h6><span style=\"color: #ffffff;\">\u00b7<\/span><\/h6>\n<h6><span style=\"color: #0000ff;\"><strong>+ Teemu Sippo SCJ<\/strong><\/span><br \/>\n\u00c9v\u00eaque d&#8217;Helsinki<\/h6>\n<p>&nbsp;<\/p>\n<hr \/>\n<h4><span style=\"color: #ff0000;\"><strong>COMPTE DE LA PAROISSE<\/strong><\/span><\/h4>\n<h6 style=\"padding-left: 30px;\">FI40 1547 3000 0005 98<br \/>\nNDEAFIHH<br \/>\n<span style=\"color: #ffffff;\">\u00b7<\/span><br \/>\nNum\u00e9ro de r\u00e9f\u00e9rence de la<br \/>\ncotisation<strong> 90010<\/strong><\/h6>\n<h6><span style=\"color: #ffffff;\">\u00b7<\/span><\/h6>\n<h4><span style=\"color: #ff0000;\"><b>COMPTE DU FONDS DU CIMETI\u00c8RE<\/b><\/span><\/h4>\n<h6 style=\"padding-left: 30px;\">FI48 1547 3000 1007 52<br \/>\nNDEAFIHH<br \/>\n<span style=\"color: #ffffff;\">\u00b7<\/span><br \/>\nL&#8217;un des deux <span style=\"color: #000000;\"><a style=\"color: #000000;\" href=\"https:\/\/www.catholicturku.fi\/?page_id=1596&amp;lang=fr\"><strong>cimeti\u00e8res<\/strong><\/a><\/span> catholiques de Finlande est situ\u00e9 \u00e0 Turku. Le travail b\u00e9n\u00e9vole est le principal moyen de maintenir l\u2019\u00e9tat du cimeti\u00e8re, mais il faut aussi de l\u2019argent.<\/h6>\n<p>&nbsp;<\/p>\n<hr \/>\n<h4><span style=\"color: #ff0000;\"><strong>LA QU\u00caTE \u2013 MOBILEPAY 89652<\/strong><\/span><\/h4>\n<h6><span style=\"color: #ffffff;\">\u00b7<\/span><\/h6>\n<h6>La qu\u00eate peut d\u00e9sormais \u00e9galement \u00eatre donn\u00e9e avec un smartphone via l&#8217;application MobilePay. MobilePay est l&#8217;\u00e9quivalent de l&#8217;argent liquide et est donc pratique \u00e0 utiliser pour payer avec un t\u00e9l\u00e9phone mobile, si un montant d&#8217;argent liquide appropri\u00e9 n&#8217;est pas disponible. L&#8217;application MobilePay pour smartphones peut \u00eatre t\u00e9l\u00e9charg\u00e9e depuis la boutique d&#8217;applications. La boutique d&#8217;applications la plus courante pour les t\u00e9l\u00e9phones Android est Google Play et l&#8217;App Store pour les t\u00e9l\u00e9phones Apple.<\/h6>\n<h6><img loading=\"lazy\" decoding=\"async\" class=\"size-medium wp-image-54138 aligncenter\" src=\"https:\/\/www.catholicturku.fi\/wp-content\/uploads\/mobilepay-300x225.jpg\" alt=\"\" width=\"300\" height=\"225\" srcset=\"https:\/\/www.catholicturku.fi\/wp-content\/uploads\/mobilepay-300x225.jpg 300w, https:\/\/www.catholicturku.fi\/wp-content\/uploads\/mobilepay-150x113.jpg 150w, https:\/\/www.catholicturku.fi\/wp-content\/uploads\/mobilepay-768x576.jpg 768w, https:\/\/www.catholicturku.fi\/wp-content\/uploads\/mobilepay.jpg 866w\" sizes=\"auto, (max-width: 300px) 100vw, 300px\" \/><\/h6>\n<h6>Le num\u00e9ro MobilePay de la paroisse est le <strong>89652<\/strong>. Cliquez sur l&#8217;image de l&#8217;\u00e9glise qui appara\u00eet sur votre t\u00e9l\u00e9phone et qui indique <em>&#8221;Turun katolinen seurakunta&#8221;<\/em>.\u00a0S\u00e9lectionnez la somme que vous voulez donner.<\/h6>\n<h6>Le montant que vous choisissez sera transf\u00e9r\u00e9 de votre propre compte bancaire vers le compte bancaire de la paroisse et son relev\u00e9 de compte indiquera qui est l&#8217;exp\u00e9diteur de ce montant.<\/h6>\n<p>&nbsp;<\/p>\n<hr \/>\n<h5>\u25ba\u00a0\u00a0<span style=\"color: #000000;\"><a style=\"color: #000000;\" href=\"https:\/\/www.catholicturku.fi\/?lang=fr\"><strong>MENU PRINCIPAL<\/strong><\/a><\/span><br \/>\n\u25ba\u00a0\u00a0<span style=\"color: #000000;\"><a style=\"color: #000000;\" href=\"https:\/\/www.catholicturku.fi\/?page_id=1324&amp;lang=fr\"><strong>PAGE D&#8217;ACCUEIL<\/strong><\/a><\/span><\/h5>\n<hr \/>\n<h6 style=\"text-align: center;\"><strong>Webmaster<\/strong><\/h6>\n<h6 style=\"text-align: center;\"><span style=\"color: #000000;\"><a style=\"color: #000000;\" href=\"mailto:webmaster@romanos.fi\">webmaster (at) romanos.fi<\/a><\/span><\/h6>\n","protected":false},"excerpt":{"rendered":"<p>COTISATION \u00b7 Chers membres du dioc\u00e8se! \u00b7 Les r\u00e9cents changements \u00e9conomiques, y compris les nouvelles r\u00e8gles sur les salaires des pr\u00eatres, ont suscit\u00e9 de nombreuses questions parmi les membres de notre dioc\u00e8se. Les gens peuvent notamment se demander comment l&#8217;\u00c9glise en Finlande survivra dans les nouvelles circonstances. C&#8217;est pourquoi je souhaite clarifier comment les membres [&hellip;]<\/p>\n","protected":false},"author":1,"featured_media":0,"parent":0,"menu_order":459,"comment_status":"closed","ping_status":"closed","template":"","meta":{"footnotes":""},"class_list":["post-1594","page","type-page","status-publish","hentry"],"_links":{"self":[{"href":"https:\/\/www.catholicturku.fi\/index.php?rest_route=\/wp\/v2\/pages\/1594","targetHints":{"allow":["GET"]}}],"collection":[{"href":"https:\/\/www.catholicturku.fi\/index.php?rest_route=\/wp\/v2\/pages"}],"about":[{"href":"https:\/\/www.catholicturku.fi\/index.php?rest_route=\/wp\/v2\/types\/page"}],"author":[{"embeddable":true,"href":"https:\/\/www.catholicturku.fi\/index.php?rest_route=\/wp\/v2\/users\/1"}],"replies":[{"embeddable":true,"href":"https:\/\/www.catholicturku.fi\/index.php?rest_route=%2Fwp%2Fv2%2Fcomments&post=1594"}],"version-history":[{"count":38,"href":"https:\/\/www.catholicturku.fi\/index.php?rest_route=\/wp\/v2\/pages\/1594\/revisions"}],"predecessor-version":[{"id":62937,"href":"https:\/\/www.catholicturku.fi\/index.php?rest_route=\/wp\/v2\/pages\/1594\/revisions\/62937"}],"wp:attachment":[{"href":"https:\/\/www.catholicturku.fi\/index.php?rest_route=%2Fwp%2Fv2%2Fmedia&parent=1594"}],"curies":[{"name":"wp","href":"https:\/\/api.w.org\/{rel}","templated":true}]}}