{"id":1590,"date":"2019-05-15T10:41:06","date_gmt":"2019-05-15T07:41:06","guid":{"rendered":"http:\/\/www.catholicturku.fi\/?page_id=1590"},"modified":"2024-11-20T15:52:42","modified_gmt":"2024-11-20T13:52:42","slug":"ecclesiastiques","status":"publish","type":"page","link":"https:\/\/www.catholicturku.fi\/?page_id=1590&lang=fr","title":{"rendered":"<b>Eccl\u00e9siastiques<\/b>"},"content":{"rendered":"<hr \/>\n<p>&nbsp;<\/p>\n<p><img loading=\"lazy\" decoding=\"async\" class=\" wp-image-46436 aligncenter\" src=\"https:\/\/www.catholicturku.fi\/wp-content\/uploads\/SCJ-300x214.jpeg\" alt=\"\" width=\"534\" height=\"381\" srcset=\"https:\/\/www.catholicturku.fi\/wp-content\/uploads\/SCJ-300x214.jpeg 300w, https:\/\/www.catholicturku.fi\/wp-content\/uploads\/SCJ-1024x729.jpeg 1024w, https:\/\/www.catholicturku.fi\/wp-content\/uploads\/SCJ-150x107.jpeg 150w, https:\/\/www.catholicturku.fi\/wp-content\/uploads\/SCJ-768x547.jpeg 768w, https:\/\/www.catholicturku.fi\/wp-content\/uploads\/SCJ-1536x1094.jpeg 1536w, https:\/\/www.catholicturku.fi\/wp-content\/uploads\/SCJ-2048x1459.jpeg 2048w\" sizes=\"auto, (max-width: 534px) 100vw, 534px\" \/><\/p>\n<p>&nbsp;<\/p>\n<hr \/>\n<h4><span style=\"color: #ff0000;\"><strong>CUR\u00c9<br \/>\n<\/strong><\/span><\/h4>\n<h6><img loading=\"lazy\" decoding=\"async\" class=\"size-full wp-image-622 alignleft\" src=\"http:\/\/www.catholicturku.fi\/wp-content\/uploads\/father-peter.jpg.1322834756577.jpg\" alt=\"\" width=\"158\" height=\"174\" data-wp-pid=\"622\" srcset=\"https:\/\/www.catholicturku.fi\/wp-content\/uploads\/father-peter.jpg.1322834756577.jpg 158w, https:\/\/www.catholicturku.fi\/wp-content\/uploads\/father-peter.jpg.1322834756577-136x150.jpg 136w\" sizes=\"auto, (max-width: 158px) 100vw, 158px\" \/>Notre cur\u00e9, le p\u00e8re <strong>Peter G\u0119bara (SCJ)<\/strong>, est n\u00e9 le 10 mai 1958 \u00e0 Chorz\u00f3w, en Sil\u00e9sie, dans le sud-ouest de la Pologne. Il est le sixi\u00e8me enfant de dix. Il a fait toutes ses \u00e9tudes jusqu\u2019au baccalaur\u00e9at dans sa ville natale, apr\u00e8s quoi il a commenc\u00e9 son noviciat au sein de la Soci\u00e9t\u00e9 des Pr\u00eatres du Sacr\u00e9-C\u0153ur de J\u00e9sus (SCJ) \u00e0 Pliszczyn, pr\u00e8s de Lublin.\u00a0Apr\u00e8s un an de noviciat, il a poursuivi des \u00e9tudes de philosophie et de th\u00e9ologie \u00e0 Stadniki, pr\u00e8s de Krak\u00f3w. Il a obtenu sa ma\u00eetrise en th\u00e9ologie morale. Il a \u00e9t\u00e9 ordonn\u00e9 en juin 1986. Sa premi\u00e8re paroisse a \u00e9t\u00e9 la paroisse de W\u0119gl\u00f3wka dans la r\u00e9gion montagneuse du sud de la Pologne. De l\u00e0, il fut transf\u00e9r\u00e9 dans la paroisse de Chmiel\u00f3w, au centre de la Pologne. En tant que pr\u00eatre, il a principalement travaill\u00e9 avec des enfants et des adolescents.<br \/>\n<span style=\"color: #ffffff;\">\u00b7<\/span><br \/>\nLe p\u00e8re Peter est arriv\u00e9 en Finlande le 21 juillet 1991. Il a commenc\u00e9 comme assistant \u00e0 la paroisse Sainte-Croix de Tampere, o\u00f9 il a \u00e9galement commenc\u00e9 ses \u00e9tudes en finnois et s&#8217;est familiaris\u00e9 avec la culture et la soci\u00e9t\u00e9 finlandaises. Peu de temps apr\u00e8s, il devint cur\u00e9 de la grande paroisse de Sainte-Croix. L&#8217;\u00e9v\u00eaque l&#8217;a nomm\u00e9 cur\u00e9 de la paroisse Sainte Brigitte et Bienheureux Hemming \u00e0 Turku le 1er janvier 2003. Le p\u00e8re Peter est connu pour \u00eatre un pr\u00eatre engag\u00e9, actif, \u00e9nergique et enjou\u00e9.<br \/>\n<span style=\"color: #ffffff;\">\u00b7<\/span><br \/>\n\u260f 0400 458128<br \/>\n\u260f +358 400 458128<br \/>\n\u2709\u00a0<span style=\"color: #000000;\"><strong><a style=\"color: #000000;\" href=\"mailto:peter.gebara@katolinen.fi\" target=\"_blank\" rel=\"noopener noreferrer\">peter.gebara (at) katolinen.fi<\/a><\/strong><\/span><\/h6>\n<p>&nbsp;<\/p>\n<hr \/>\n<h4><span style=\"color: #ff0000;\"><strong>VICAIRE<\/strong><\/span><\/h4>\n<h6><img loading=\"lazy\" decoding=\"async\" class=\" wp-image-9300 alignright\" src=\"http:\/\/www.catholicturku.fi\/wp-content\/uploads\/stanzawilowicz15-300x300.jpg\" alt=\"\" width=\"156\" height=\"156\" data-wp-pid=\"9300\" srcset=\"https:\/\/www.catholicturku.fi\/wp-content\/uploads\/stanzawilowicz15-300x300.jpg 300w, https:\/\/www.catholicturku.fi\/wp-content\/uploads\/stanzawilowicz15-1024x1024.jpg 1024w, https:\/\/www.catholicturku.fi\/wp-content\/uploads\/stanzawilowicz15-150x150.jpg 150w, https:\/\/www.catholicturku.fi\/wp-content\/uploads\/stanzawilowicz15-768x768.jpg 768w, https:\/\/www.catholicturku.fi\/wp-content\/uploads\/stanzawilowicz15-800x800.jpg 800w, https:\/\/www.catholicturku.fi\/wp-content\/uploads\/stanzawilowicz15-1200x1200-cropped.jpg 1200w, https:\/\/www.catholicturku.fi\/wp-content\/uploads\/stanzawilowicz15.jpg 1363w\" sizes=\"auto, (max-width: 156px) 100vw, 156px\" \/>Notre vicaire, le p\u00e8re <strong>Stanis\u0142aw Zawi\u0142owicz (SCJ)<\/strong>, est n\u00e9 le 15 avril 1984 \u00e0 Krynica-Gorska, dans le sud de la Pologne, et a \u00e9t\u00e9 ordonn\u00e9 pr\u00eatre le 23 mai 2010 \u00e0 Stadniki pr\u00e8s de Cracovie. Il est arriv\u00e9 en Finlande le 28 ao\u00fbt 2012.<br \/>\n<span style=\"color: #ffffff;\">\u00b7<\/span><br \/>\n\u260f 045 8407191<br \/>\n\u260f +358 45 8407191<br \/>\n\u2709\u00a0<span style=\"color: #000000;\"><strong><a style=\"color: #000000;\" href=\"mailto:stanislaw.zawilowicz@katolinen.fi\" target=\"_blank\" rel=\"noopener noreferrer\">stanislaw.zawilowicz (at) katolinen.fi<\/a><\/strong><\/span><\/h6>\n<p>&nbsp;<\/p>\n<hr \/>\n<h5>\u25ba\u00a0\u00a0<span style=\"color: #000000;\"><a style=\"color: #000000;\" href=\"https:\/\/www.catholicturku.fi\/?lang=fr\"><strong>MENU PRINCIPAL<\/strong><\/a><\/span><br \/>\n\u25ba\u00a0\u00a0<span style=\"color: #000000;\"><a style=\"color: #000000;\" href=\"https:\/\/www.catholicturku.fi\/?page_id=1324&amp;lang=fr\"><strong>PAGE D&#8217;ACCUEIL<\/strong><\/a><\/span><\/h5>\n<hr \/>\n<h6 style=\"text-align: center;\"><strong>Webmaster<\/strong><\/h6>\n<h6 style=\"text-align: center;\"><span style=\"color: #000000;\"><a style=\"color: #000000;\" href=\"mailto:webmaster@romanos.fi\">webmaster (at) romanos.fi<\/a><\/span><\/h6>\n","protected":false},"excerpt":{"rendered":"<p>&nbsp; &nbsp; CUR\u00c9 Notre cur\u00e9, le p\u00e8re Peter G\u0119bara (SCJ), est n\u00e9 le 10 mai 1958 \u00e0 Chorz\u00f3w, en Sil\u00e9sie, dans le sud-ouest de la Pologne. Il est le sixi\u00e8me enfant de dix. Il a fait toutes ses \u00e9tudes jusqu\u2019au baccalaur\u00e9at dans sa ville natale, apr\u00e8s quoi il a commenc\u00e9 son noviciat au sein de [&hellip;]<\/p>\n","protected":false},"author":1,"featured_media":0,"parent":0,"menu_order":454,"comment_status":"closed","ping_status":"closed","template":"","meta":{"footnotes":""},"class_list":["post-1590","page","type-page","status-publish","hentry"],"_links":{"self":[{"href":"https:\/\/www.catholicturku.fi\/index.php?rest_route=\/wp\/v2\/pages\/1590","targetHints":{"allow":["GET"]}}],"collection":[{"href":"https:\/\/www.catholicturku.fi\/index.php?rest_route=\/wp\/v2\/pages"}],"about":[{"href":"https:\/\/www.catholicturku.fi\/index.php?rest_route=\/wp\/v2\/types\/page"}],"author":[{"embeddable":true,"href":"https:\/\/www.catholicturku.fi\/index.php?rest_route=\/wp\/v2\/users\/1"}],"replies":[{"embeddable":true,"href":"https:\/\/www.catholicturku.fi\/index.php?rest_route=%2Fwp%2Fv2%2Fcomments&post=1590"}],"version-history":[{"count":35,"href":"https:\/\/www.catholicturku.fi\/index.php?rest_route=\/wp\/v2\/pages\/1590\/revisions"}],"predecessor-version":[{"id":62876,"href":"https:\/\/www.catholicturku.fi\/index.php?rest_route=\/wp\/v2\/pages\/1590\/revisions\/62876"}],"wp:attachment":[{"href":"https:\/\/www.catholicturku.fi\/index.php?rest_route=%2Fwp%2Fv2%2Fmedia&parent=1590"}],"curies":[{"name":"wp","href":"https:\/\/api.w.org\/{rel}","templated":true}]}}

<b>Ecclésiastiques</b>

<hr />
<p>&nbsp;</p>
<p><img loading="lazy" decoding="async" class=" wp-image-46436 aligncenter" src="https://www.catholicturku.fi/wp-content/uploads/SCJ-300x214.jpeg" alt="" width="534" height="381" srcset="https://www.catholicturku.fi/wp-content/uploads/SCJ-300x214.jpeg 300w, https://www.catholicturku.fi/wp-content/uploads/SCJ-1024x729.jpeg 1024w, https://www.catholicturku.fi/wp-content/uploads/SCJ-150x107.jpeg 150w, https://www.catholicturku.fi/wp-content/uploads/SCJ-768x547.jpeg 768w, https://www.catholicturku.fi/wp-content/uploads/SCJ-1536x1094.jpeg 1536w, https://www.catholicturku.fi/wp-content/uploads/SCJ-2048x1459.jpeg 2048w" sizes="auto, (max-width: 534px) 100vw, 534px" /></p>
<p>&nbsp;</p>
<hr />
<h4><span style="color: #ff0000;"><strong>CURÉ<br />
</strong></span></h4>
<h6><img loading="lazy" decoding="async" class="size-full wp-image-622 alignleft" src="http://www.catholicturku.fi/wp-content/uploads/father-peter.jpg.1322834756577.jpg" alt="" width="158" height="174" data-wp-pid="622" srcset="https://www.catholicturku.fi/wp-content/uploads/father-peter.jpg.1322834756577.jpg 158w, https://www.catholicturku.fi/wp-content/uploads/father-peter.jpg.1322834756577-136x150.jpg 136w" sizes="auto, (max-width: 158px) 100vw, 158px" />Notre curé, le père <strong>Peter Gębara (SCJ)</strong>, est né le 10 mai 1958 à Chorzów, en Silésie, dans le sud-ouest de la Pologne. Il est le sixième enfant de dix. Il a fait toutes ses études jusqu’au baccalauréat dans sa ville natale, après quoi il a commencé son noviciat au sein de la Société des Prêtres du Sacré-Cœur de Jésus (SCJ) à Pliszczyn, près de Lublin. Après un an de noviciat, il a poursuivi des études de philosophie et de théologie à Stadniki, près de Kraków. Il a obtenu sa maîtrise en théologie morale. Il a été ordonné en juin 1986. Sa première paroisse a été la paroisse de Węglówka dans la région montagneuse du sud de la Pologne. De là, il fut transféré dans la paroisse de Chmielów, au centre de la Pologne. En tant que prêtre, il a principalement travaillé avec des enfants et des adolescents.<br />
<span style="color: #ffffff;">·</span><br />
Le père Peter est arrivé en Finlande le 21 juillet 1991. Il a commencé comme assistant à la paroisse Sainte-Croix de Tampere, où il a également commencé ses études en finnois et s&#8217;est familiarisé avec la culture et la société finlandaises. Peu de temps après, il devint curé de la grande paroisse de Sainte-Croix. L&#8217;évêque l&#8217;a nommé curé de la paroisse Sainte Brigitte et Bienheureux Hemming à Turku le 1er janvier 2003. Le père Peter est connu pour être un prêtre engagé, actif, énergique et enjoué.<br />
<span style="color: #ffffff;">·</span><br />
☏ 0400 458128<br />
☏ +358 400 458128<br />
✉ <span style="color: #000000;"><strong><a style="color: #000000;" href="mailto:peter.gebara@katolinen.fi" target="_blank" rel="noopener noreferrer">peter.gebara (at) katolinen.fi</a></strong></span></h6>
<p>&nbsp;</p>
<hr />
<h4><span style="color: #ff0000;"><strong>VICAIRE</strong></span></h4>
<h6><img loading="lazy" decoding="async" class=" wp-image-9300 alignright" src="http://www.catholicturku.fi/wp-content/uploads/stanzawilowicz15-300x300.jpg" alt="" width="156" height="156" data-wp-pid="9300" srcset="https://www.catholicturku.fi/wp-content/uploads/stanzawilowicz15-300x300.jpg 300w, https://www.catholicturku.fi/wp-content/uploads/stanzawilowicz15-1024x1024.jpg 1024w, https://www.catholicturku.fi/wp-content/uploads/stanzawilowicz15-150x150.jpg 150w, https://www.catholicturku.fi/wp-content/uploads/stanzawilowicz15-768x768.jpg 768w, https://www.catholicturku.fi/wp-content/uploads/stanzawilowicz15-800x800.jpg 800w, https://www.catholicturku.fi/wp-content/uploads/stanzawilowicz15-1200x1200-cropped.jpg 1200w, https://www.catholicturku.fi/wp-content/uploads/stanzawilowicz15.jpg 1363w" sizes="auto, (max-width: 156px) 100vw, 156px" />Notre vicaire, le père <strong>Stanisław Zawiłowicz (SCJ)</strong>, est né le 15 avril 1984 à Krynica-Gorska, dans le sud de la Pologne, et a été ordonné prêtre le 23 mai 2010 à Stadniki près de Cracovie. Il est arrivé en Finlande le 28 août 2012.<br />
<span style="color: #ffffff;">·</span><br />
☏ 045 8407191<br />
☏ +358 45 8407191<br />
✉ <span style="color: #000000;"><strong><a style="color: #000000;" href="mailto:stanislaw.zawilowicz@katolinen.fi" target="_blank" rel="noopener noreferrer">stanislaw.zawilowicz (at) katolinen.fi</a></strong></span></h6>
<p>&nbsp;</p>
<hr />
<h5>►  <span style="color: #000000;"><a style="color: #000000;" href="https://www.catholicturku.fi/?lang=fr"><strong>MENU PRINCIPAL</strong></a></span><br />
►  <span style="color: #000000;"><a style="color: #000000;" href="https://www.catholicturku.fi/?page_id=1324&amp;lang=fr"><strong>PAGE D&#8217;ACCUEIL</strong></a></span></h5>
<hr />
<h6 style="text-align: center;"><strong>Webmaster</strong></h6>
<h6 style="text-align: center;"><span style="color: #000000;"><a style="color: #000000;" href="mailto:webmaster@romanos.fi">webmaster (at) romanos.fi</a></span></h6>

<p>&nbsp; &nbsp; CURÉ Notre curé, le père Peter Gębara (SCJ), est né le 10 mai 1958 à Chorzów, en Silésie, dans le sud-ouest de la Pologne. Il est le sixième enfant de dix. Il a fait toutes ses études jusqu’au baccalauréat dans sa ville natale, après quoi il a commencé son noviciat au sein de [&hellip;]</p>
