{"id":1507,"date":"2019-05-15T09:15:15","date_gmt":"2019-05-15T06:15:15","guid":{"rendered":"http:\/\/www.catholicturku.fi\/?page_id=1507"},"modified":"2024-11-20T15:46:23","modified_gmt":"2024-11-20T13:46:23","slug":"kler","status":"publish","type":"page","link":"https:\/\/www.catholicturku.fi\/?page_id=1507&lang=pl","title":{"rendered":"<b>Duszpasterze<\/b>"},"content":{"rendered":"<hr \/>\n<p>&nbsp;<\/p>\n<p><img loading=\"lazy\" decoding=\"async\" class=\" wp-image-46436 aligncenter\" src=\"https:\/\/www.catholicturku.fi\/wp-content\/uploads\/SCJ-300x214.jpeg\" alt=\"\" width=\"534\" height=\"381\" srcset=\"https:\/\/www.catholicturku.fi\/wp-content\/uploads\/SCJ-300x214.jpeg 300w, https:\/\/www.catholicturku.fi\/wp-content\/uploads\/SCJ-1024x729.jpeg 1024w, https:\/\/www.catholicturku.fi\/wp-content\/uploads\/SCJ-150x107.jpeg 150w, https:\/\/www.catholicturku.fi\/wp-content\/uploads\/SCJ-768x547.jpeg 768w, https:\/\/www.catholicturku.fi\/wp-content\/uploads\/SCJ-1536x1094.jpeg 1536w, https:\/\/www.catholicturku.fi\/wp-content\/uploads\/SCJ-2048x1459.jpeg 2048w\" sizes=\"auto, (max-width: 534px) 100vw, 534px\" \/><\/p>\n<p>&nbsp;<\/p>\n<hr \/>\n<h4><span style=\"color: #ff0000;\"><strong>PROBOSZCZ<br \/>\n<\/strong><\/span><\/h4>\n<h6><img loading=\"lazy\" decoding=\"async\" class=\"size-full wp-image-622 alignleft\" src=\"http:\/\/www.catholicturku.fi\/wp-content\/uploads\/father-peter.jpg.1322834756577.jpg\" alt=\"\" width=\"158\" height=\"174\" data-wp-pid=\"622\" srcset=\"https:\/\/www.catholicturku.fi\/wp-content\/uploads\/father-peter.jpg.1322834756577.jpg 158w, https:\/\/www.catholicturku.fi\/wp-content\/uploads\/father-peter.jpg.1322834756577-136x150.jpg 136w\" sizes=\"auto, (max-width: 158px) 100vw, 158px\" \/>Proboszcz naszej parafi, ks. <strong>Piotr G\u0119bara (SCJ)<\/strong>, urodzi\u0142 si\u0119 10 maja 1958 roku w Chorzowie na \u015al\u0105sku w po\u0142udniowo-zachodniej Polsce. Jest sz\u00f3stym dzieckiem z dziewi\u0119ciorga rodze\u0144stwa. Ks. Piotr ucz\u0119szcza\u0142 do szko\u0142y podstawowej i liceum w swoim rodzinnym mie\u015bcie, po czym rozpocz\u0105\u0142 nowicjat w zgromadzeniu ksi\u0119\u017cy Naj\u015bwi\u0119tszego Serca Jezusowego (SCJ) w Pliszczynie ko\u0142o Lublina.\u00a0Po roku nowicjatu kontynuowa\u0142 nauk\u0119 w Wy\u017cszym Seminarium Misyjnym ksi\u0119\u017cy sercan\u00f3w w Stadnikach pod Krakowem. Uzyska\u0142 stopie\u0144 magistra w dziedzinie teologi moralnej. \u015awiecenia kap\u0142a\u0144skie przyj\u0105\u0142 w czerwcu 1986 roku. Pierwsza parafi\u0105 w kt\u00f3rej pos\u0142ugiwa\u0142 jako wikariusz by\u0142a parafia w W\u0119gl\u00f3wce w g\u00f3rskim regionie po\u0142udniowej Polski. Nast\u0119pnie pos\u0142ugiwa\u0142 w parafii w Chmielowie w \u015brodkowej Polsce. G\u0142\u00f3wnym zadaniem duszpasterskim ks. Piotra by\u0142a pos\u0142uga w\u015br\u00f3d dzieci i m\u0142odzie\u017cy.<br \/>\n<span style=\"color: #ffffff;\">\u00b7<\/span><br \/>\nKs. Piotr pos\u0142uguje w Finlandii od 21 lipca 1991 roku. Pierwsz\u0105 pos\u0142ug\u0105 w tym kraju by\u0142o stanowisko wikariusza w parafii p.w. \u015aw. Krzy\u017ca w Tampere. W tym samym czasie rozpocz\u0105\u0142 nauk\u0119 j\u0119zyka fi\u0144skiego oraz zaznajomi\u0142 si\u0119 z lokalnymi zwyczajami i kultur\u0105. Po kr\u00f3tkim okresie s\u0142u\u017cby jako wikariusz ks. Piotr zosta\u0142 proboszczem parafii w Tampere. Po wieloletniej pos\u0142udze 1 stycznia 2003 roku ks. Piotr zosta\u0142 mianowany proboszczem parafii p.w.\u00a0\u015bw. Brygidy i b\u0142. Hemminga w Turku.\u00a0Ks. Piotr znany jest jako energiczny, aktywny i pozytywnie do \u017cycia nastawiony cz\u0142owiek. Znana jest r\u00f3wnie\u017c jego szczero\u015b\u0107 i go\u015bcinno\u015b\u0107.<br \/>\n<span style=\"color: #ffffff;\">\u00b7<\/span><br \/>\n\u260f 0400 458128<br \/>\n\u260f +358 400 458128<br \/>\n\u2709\u00a0<span style=\"color: #000000;\"><strong><a style=\"color: #000000;\" href=\"mailto:peter.gebara@katolinen.fi\" target=\"_blank\" rel=\"noopener noreferrer\">peter.gebara (at) katolinen.fi<\/a><\/strong><\/span><\/h6>\n<p>&nbsp;<\/p>\n<hr \/>\n<h4><span style=\"color: #ff0000;\"><strong>WIKARIUSZ<\/strong><\/span><\/h4>\n<h6><img loading=\"lazy\" decoding=\"async\" class=\" wp-image-9300 alignright\" src=\"http:\/\/www.catholicturku.fi\/wp-content\/uploads\/stanzawilowicz15-300x300.jpg\" alt=\"\" width=\"156\" height=\"156\" data-wp-pid=\"9300\" srcset=\"https:\/\/www.catholicturku.fi\/wp-content\/uploads\/stanzawilowicz15-300x300.jpg 300w, https:\/\/www.catholicturku.fi\/wp-content\/uploads\/stanzawilowicz15-1024x1024.jpg 1024w, https:\/\/www.catholicturku.fi\/wp-content\/uploads\/stanzawilowicz15-150x150.jpg 150w, https:\/\/www.catholicturku.fi\/wp-content\/uploads\/stanzawilowicz15-768x768.jpg 768w, https:\/\/www.catholicturku.fi\/wp-content\/uploads\/stanzawilowicz15-800x800.jpg 800w, https:\/\/www.catholicturku.fi\/wp-content\/uploads\/stanzawilowicz15-1200x1200-cropped.jpg 1200w, https:\/\/www.catholicturku.fi\/wp-content\/uploads\/stanzawilowicz15.jpg 1363w\" sizes=\"auto, (max-width: 156px) 100vw, 156px\" \/>Wikariusz naszej parafi, ks. <strong>Stanis\u0142aw Zawi\u0142owicz (SCJ)<\/strong>, urodzi\u0142 si\u0119 15 kwietnia 1984 roku w Krynicy-G\u00f3rskiej na po\u0142udniu Polski. \u015awi\u0119cenia kap\u0142a\u0144skie otrzyma\u0142 23 maja 2010 roku w Stadnikach pod Krakowem. W Finlandii pos\u0142uguje od 28 sierpnia 2012 roku.<br \/>\n<span style=\"color: #ffffff;\">\u00b7<\/span><br \/>\n\u260f 045 8407191<br \/>\n\u260f +358 45 8407191<br \/>\n\u2709\u00a0<span style=\"color: #000000;\"><strong><a style=\"color: #000000;\" href=\"mailto:stanislaw.zawilowicz@katolinen.fi\" target=\"_blank\" rel=\"noopener noreferrer\">stanislaw.zawilowicz (at) katolinen.fi<\/a><\/strong><\/span><\/h6>\n<p>&nbsp;<\/p>\n<hr \/>\n<h5>\u25ba\u00a0\u00a0<span style=\"color: #000000;\"><a style=\"color: #000000;\" href=\"https:\/\/www.catholicturku.fi\/?lang=pl\"><strong>MENU G\u0141\u00d3WNE<\/strong><\/a><\/span><br \/>\n\u25ba\u00a0 <span style=\"color: #000000;\"><a style=\"color: #000000;\" href=\"https:\/\/www.catholicturku.fi\/?page_id=1050&amp;lang=pl\"><strong>STRONA G\u0141\u00d3WNA<\/strong><\/a><\/span><\/h5>\n<hr \/>\n<h6 style=\"text-align: center;\"><strong>Webmaster<\/strong><\/h6>\n<h6 style=\"text-align: center;\"><span style=\"color: #000000;\"><a style=\"color: #000000;\" href=\"mailto:webmaster@romanos.fi\">webmaster (at) romanos.fi<\/a><\/span><\/h6>\n","protected":false},"excerpt":{"rendered":"<p>&nbsp; &nbsp; PROBOSZCZ Proboszcz naszej parafi, ks. Piotr G\u0119bara (SCJ), urodzi\u0142 si\u0119 10 maja 1958 roku w Chorzowie na \u015al\u0105sku w po\u0142udniowo-zachodniej Polsce. Jest sz\u00f3stym dzieckiem z dziewi\u0119ciorga rodze\u0144stwa. Ks. Piotr ucz\u0119szcza\u0142 do szko\u0142y podstawowej i liceum w swoim rodzinnym mie\u015bcie, po czym rozpocz\u0105\u0142 nowicjat w zgromadzeniu ksi\u0119\u017cy Naj\u015bwi\u0119tszego Serca Jezusowego (SCJ) w Pliszczynie ko\u0142o [&hellip;]<\/p>\n","protected":false},"author":1,"featured_media":0,"parent":0,"menu_order":204,"comment_status":"closed","ping_status":"closed","template":"","meta":{"footnotes":""},"class_list":["post-1507","page","type-page","status-publish","hentry"],"_links":{"self":[{"href":"https:\/\/www.catholicturku.fi\/index.php?rest_route=\/wp\/v2\/pages\/1507","targetHints":{"allow":["GET"]}}],"collection":[{"href":"https:\/\/www.catholicturku.fi\/index.php?rest_route=\/wp\/v2\/pages"}],"about":[{"href":"https:\/\/www.catholicturku.fi\/index.php?rest_route=\/wp\/v2\/types\/page"}],"author":[{"embeddable":true,"href":"https:\/\/www.catholicturku.fi\/index.php?rest_route=\/wp\/v2\/users\/1"}],"replies":[{"embeddable":true,"href":"https:\/\/www.catholicturku.fi\/index.php?rest_route=%2Fwp%2Fv2%2Fcomments&post=1507"}],"version-history":[{"count":40,"href":"https:\/\/www.catholicturku.fi\/index.php?rest_route=\/wp\/v2\/pages\/1507\/revisions"}],"predecessor-version":[{"id":62871,"href":"https:\/\/www.catholicturku.fi\/index.php?rest_route=\/wp\/v2\/pages\/1507\/revisions\/62871"}],"wp:attachment":[{"href":"https:\/\/www.catholicturku.fi\/index.php?rest_route=%2Fwp%2Fv2%2Fmedia&parent=1507"}],"curies":[{"name":"wp","href":"https:\/\/api.w.org\/{rel}","templated":true}]}}