{"id":1491,"date":"2019-05-15T09:04:17","date_gmt":"2019-05-15T06:04:17","guid":{"rendered":"http:\/\/www.catholicturku.fi\/?page_id=1491"},"modified":"2024-11-20T15:46:10","modified_gmt":"2024-11-20T13:46:10","slug":"klerus","status":"publish","type":"page","link":"https:\/\/www.catholicturku.fi\/?page_id=1491&lang=de","title":{"rendered":"<b>Klerus<\/b>"},"content":{"rendered":"<hr \/>\n<p>&nbsp;<\/p>\n<p><img loading=\"lazy\" decoding=\"async\" class=\" wp-image-46436 aligncenter\" src=\"https:\/\/www.catholicturku.fi\/wp-content\/uploads\/SCJ-300x214.jpeg\" alt=\"\" width=\"534\" height=\"381\" srcset=\"https:\/\/www.catholicturku.fi\/wp-content\/uploads\/SCJ-300x214.jpeg 300w, https:\/\/www.catholicturku.fi\/wp-content\/uploads\/SCJ-1024x729.jpeg 1024w, https:\/\/www.catholicturku.fi\/wp-content\/uploads\/SCJ-150x107.jpeg 150w, https:\/\/www.catholicturku.fi\/wp-content\/uploads\/SCJ-768x547.jpeg 768w, https:\/\/www.catholicturku.fi\/wp-content\/uploads\/SCJ-1536x1094.jpeg 1536w, https:\/\/www.catholicturku.fi\/wp-content\/uploads\/SCJ-2048x1459.jpeg 2048w\" sizes=\"auto, (max-width: 534px) 100vw, 534px\" \/><\/p>\n<p>&nbsp;<\/p>\n<hr \/>\n<h4><span style=\"color: #ff0000;\"><strong>PFARRER<br \/>\n<\/strong><\/span><\/h4>\n<h6><img loading=\"lazy\" decoding=\"async\" class=\"size-full wp-image-622 alignleft\" src=\"http:\/\/www.catholicturku.fi\/wp-content\/uploads\/father-peter.jpg.1322834756577.jpg\" alt=\"\" width=\"158\" height=\"174\" data-wp-pid=\"622\" srcset=\"https:\/\/www.catholicturku.fi\/wp-content\/uploads\/father-peter.jpg.1322834756577.jpg 158w, https:\/\/www.catholicturku.fi\/wp-content\/uploads\/father-peter.jpg.1322834756577-136x150.jpg 136w\" sizes=\"auto, (max-width: 158px) 100vw, 158px\" \/> Unser Pfarrer, Pater <strong>Peter G\u0119bara (SCJ)<\/strong>, wurde am 10. Mai 1958 in Chorz\u00f3w in Schlesien im S\u00fcdwesten Polens geboren. Er ist das sechste Kind in einer Familie mit zehn Kindern. Pater Peter besuchte die Grundschule und das Gymnasium in seiner Heimatstadt, danach begann er sein Noviziat in der Ordensgemeinschaft der Priester und Br\u00fcder vom Heiligsten Herzen Jesu (SCJ) in Pliszczyn bei Lublin.\u00a0Nach einem Jahr als Novize studierte er Philosophie und Theologie in Stadniki bei Krakau. Er erwarb seinen Masterabschluss in Moraltheologie. Im Juni 1986 wurde er zum Priester geweiht. Seine erste Pfarrei war die Gemeinde W\u0119gl\u00f3wka in der Bergregion S\u00fcdpolens. Von dort wurde er in die Pfarrei Chmiel\u00f3w in Zentralpolen entsandt. Als Priester arbeitete er haupts\u00e4chlich mit Kindern und Jugendlichen.<br \/>\n<span style=\"color: #ffffff;\">\u00b7<\/span><br \/>\nPater Peter kam am 21. Juli 1991 nach Finnland. Er begann als Hilfspfarrer in der Pfarrgemeinde Heilig Kreuz in Tampere, wo er auch seine Studien in Finnisch begann und die finnische Kultur und Gesellschaft kennenlernte. Nach kurzer Zeit wurde Pater Peter Pfarrer fl\u00e4chenm\u00e4\u00dfig sehr gro\u00dfen Pfarrgemeinde Heilig Kreuz. Am 1. Januar 2003 wurde er vom Bischof zum Pfarrer der Pfarrgemeinde Heilige Birgitta und Seliger Hemming in Turku ernannt. Pater Peter ist als engagierter, aktiver, energischer und fr\u00f6hlicher Priester bekannt.<br \/>\n<span style=\"color: #ffffff;\">\u00b7<\/span><br \/>\n\u260f 0400 458128<br \/>\n\u260f +358 400 458128<br \/>\n\u2709\u00a0<strong><a href=\"mailto:peter.gebara@katolinen.fi\" target=\"_blank\" rel=\"noopener noreferrer\">peter.gebara (at) katolinen.fi<\/a><\/strong><\/h6>\n<p>&nbsp;<\/p>\n<hr \/>\n<h4><span style=\"color: #ff0000;\"><strong>PFARRVIKAR<\/strong><\/span><\/h4>\n<h6><img loading=\"lazy\" decoding=\"async\" class=\" wp-image-9300 alignright\" src=\"http:\/\/www.catholicturku.fi\/wp-content\/uploads\/stanzawilowicz15-300x300.jpg\" alt=\"\" width=\"156\" height=\"156\" data-wp-pid=\"9300\" srcset=\"https:\/\/www.catholicturku.fi\/wp-content\/uploads\/stanzawilowicz15-300x300.jpg 300w, https:\/\/www.catholicturku.fi\/wp-content\/uploads\/stanzawilowicz15-1024x1024.jpg 1024w, https:\/\/www.catholicturku.fi\/wp-content\/uploads\/stanzawilowicz15-150x150.jpg 150w, https:\/\/www.catholicturku.fi\/wp-content\/uploads\/stanzawilowicz15-768x768.jpg 768w, https:\/\/www.catholicturku.fi\/wp-content\/uploads\/stanzawilowicz15-800x800.jpg 800w, https:\/\/www.catholicturku.fi\/wp-content\/uploads\/stanzawilowicz15-1200x1200-cropped.jpg 1200w, https:\/\/www.catholicturku.fi\/wp-content\/uploads\/stanzawilowicz15.jpg 1363w\" sizes=\"auto, (max-width: 156px) 100vw, 156px\" \/>Unser Pfarrvikar, Pater <strong>Stanis\u0142aw Zawi\u0142owicz (SCJ)<\/strong>, wurde am 15. April 1984 in Krynica-Gorska in S\u00fcdpolen geboren, und wurde am 23. Mai 2010 in Stadniki bei Krakau zum Priester geweiht. Nach Finnland kam er am 28. August 2012.<br \/>\n<span style=\"color: #ffffff;\">\u00b7<\/span><br \/>\n\u260f 045 8407191<br \/>\n\u260f +358 45 8407191<br \/>\n\u2709\u00a0<strong><a href=\"mailto:stanislaw.zawilowicz@katolinen.fi\" target=\"_blank\" rel=\"noopener noreferrer\">stanislaw.zawilowicz (at) katolinen.fi<\/a><\/strong><\/h6>\n<p>&nbsp;<\/p>\n<hr \/>\n<h5>\u25ba\u00a0 <a href=\"https:\/\/www.catholicturku.fi\/?lang=de\"><strong>HAUPTMEN\u00dc<\/strong><\/a><br \/>\n\u25ba\u00a0 <a href=\"https:\/\/www.catholicturku.fi\/?page_id=1242&amp;lang=de\"><strong>STARTSEITE<\/strong><\/a><\/h5>\n<hr \/>\n<h6 style=\"text-align: center;\"><strong>Webmaster<\/strong><\/h6>\n<h6 style=\"text-align: center;\"><span style=\"color: #000000;\"><a style=\"color: #000000;\" href=\"mailto:webmaster@romanos.fi\">webmaster (at) romanos.fi<\/a><\/span><\/h6>\n","protected":false},"excerpt":{"rendered":"<p>&nbsp; &nbsp; PFARRER Unser Pfarrer, Pater Peter G\u0119bara (SCJ), wurde am 10. Mai 1958 in Chorz\u00f3w in Schlesien im S\u00fcdwesten Polens geboren. Er ist das sechste Kind in einer Familie mit zehn Kindern. Pater Peter besuchte die Grundschule und das Gymnasium in seiner Heimatstadt, danach begann er sein Noviziat in der Ordensgemeinschaft der Priester und [&hellip;]<\/p>\n","protected":false},"author":1,"featured_media":0,"parent":0,"menu_order":154,"comment_status":"closed","ping_status":"closed","template":"","meta":{"footnotes":""},"class_list":["post-1491","page","type-page","status-publish","hentry"],"_links":{"self":[{"href":"https:\/\/www.catholicturku.fi\/index.php?rest_route=\/wp\/v2\/pages\/1491","targetHints":{"allow":["GET"]}}],"collection":[{"href":"https:\/\/www.catholicturku.fi\/index.php?rest_route=\/wp\/v2\/pages"}],"about":[{"href":"https:\/\/www.catholicturku.fi\/index.php?rest_route=\/wp\/v2\/types\/page"}],"author":[{"embeddable":true,"href":"https:\/\/www.catholicturku.fi\/index.php?rest_route=\/wp\/v2\/users\/1"}],"replies":[{"embeddable":true,"href":"https:\/\/www.catholicturku.fi\/index.php?rest_route=%2Fwp%2Fv2%2Fcomments&post=1491"}],"version-history":[{"count":35,"href":"https:\/\/www.catholicturku.fi\/index.php?rest_route=\/wp\/v2\/pages\/1491\/revisions"}],"predecessor-version":[{"id":62870,"href":"https:\/\/www.catholicturku.fi\/index.php?rest_route=\/wp\/v2\/pages\/1491\/revisions\/62870"}],"wp:attachment":[{"href":"https:\/\/www.catholicturku.fi\/index.php?rest_route=%2Fwp%2Fv2%2Fmedia&parent=1491"}],"curies":[{"name":"wp","href":"https:\/\/api.w.org\/{rel}","templated":true}]}}