{"id":1021,"date":"2019-05-14T09:09:00","date_gmt":"2019-05-14T06:09:00","guid":{"rendered":"http:\/\/www.catholicturku.fi\/?page_id=1021"},"modified":"2024-11-20T16:23:14","modified_gmt":"2024-11-20T14:23:14","slug":"radio%c2%b7tv-2","status":"publish","type":"page","link":"https:\/\/www.catholicturku.fi\/?page_id=1021&lang=sv","title":{"rendered":"<b>Radio och TV<\/b>"},"content":{"rendered":"<hr \/>\n<h4><span style=\"color: #ff0000;\"><strong>Inneh\u00e5llet tillg\u00e4ngligt p\u00e5 den finskspr\u00e5kiga sidan<\/strong><\/span><\/h4>\n<p>&nbsp;<\/p>\n<h5 style=\"padding-left: 30px;\"><strong>\u25ba\u00a0<\/strong><strong><a href=\"https:\/\/www.catholicturku.fi\/?page_id=729&amp;lang=fi\"><span style=\"color: #000000;\">Radio ja TV<\/span><\/a><\/strong><\/h5>\n<p>&nbsp;<\/p>\n<hr \/>\n<h5>\u25ba\u00a0\u00a0<span style=\"color: #000000;\"><a style=\"color: #000000;\" href=\"https:\/\/www.catholicturku.fi\/?lang=sv\"><strong>HUVUDMENYN<\/strong><\/a><\/span><br \/>\n\u25ba\u00a0 <span style=\"color: #000000;\"><a style=\"color: #000000;\" href=\"https:\/\/www.catholicturku.fi\/?page_id=925&amp;lang=sv\"><strong>F\u00d6RSTASIDAN<\/strong><\/a><\/span><\/h5>\n<hr \/>\n<h6 style=\"text-align: center;\"><strong>Webmaster<\/strong><\/h6>\n<h6 style=\"text-align: center;\"><span style=\"color: #000000;\"><a style=\"color: #000000;\" href=\"mailto:webmaster@romanos.fi\">webmaster (at) romanos.fi<\/a><\/span><\/h6>\n","protected":false},"excerpt":{"rendered":"<p>Inneh\u00e5llet tillg\u00e4ngligt p\u00e5 den finskspr\u00e5kiga sidan &nbsp; \u25ba\u00a0Radio ja TV &nbsp; \u25ba\u00a0\u00a0HUVUDMENYN \u25ba\u00a0 F\u00d6RSTASIDAN Webmaster webmaster (at) romanos.fi<\/p>\n","protected":false},"author":1,"featured_media":0,"parent":0,"menu_order":58,"comment_status":"closed","ping_status":"closed","template":"","meta":{"footnotes":""},"class_list":["post-1021","page","type-page","status-publish","hentry"],"_links":{"self":[{"href":"https:\/\/www.catholicturku.fi\/index.php?rest_route=\/wp\/v2\/pages\/1021","targetHints":{"allow":["GET"]}}],"collection":[{"href":"https:\/\/www.catholicturku.fi\/index.php?rest_route=\/wp\/v2\/pages"}],"about":[{"href":"https:\/\/www.catholicturku.fi\/index.php?rest_route=\/wp\/v2\/types\/page"}],"author":[{"embeddable":true,"href":"https:\/\/www.catholicturku.fi\/index.php?rest_route=\/wp\/v2\/users\/1"}],"replies":[{"embeddable":true,"href":"https:\/\/www.catholicturku.fi\/index.php?rest_route=%2Fwp%2Fv2%2Fcomments&post=1021"}],"version-history":[{"count":21,"href":"https:\/\/www.catholicturku.fi\/index.php?rest_route=\/wp\/v2\/pages\/1021\/revisions"}],"predecessor-version":[{"id":62917,"href":"https:\/\/www.catholicturku.fi\/index.php?rest_route=\/wp\/v2\/pages\/1021\/revisions\/62917"}],"wp:attachment":[{"href":"https:\/\/www.catholicturku.fi\/index.php?rest_route=%2Fwp%2Fv2%2Fmedia&parent=1021"}],"curies":[{"name":"wp","href":"https:\/\/api.w.org\/{rel}","templated":true}]}}

<hr />
<h4><span style="color: #ff0000;"><strong>Innehållet tillgängligt på den finskspråkiga sidan</strong></span></h4>
<p>&nbsp;</p>
<h5 style="padding-left: 30px;"><strong>► </strong><strong><a href="https://www.catholicturku.fi/?page_id=729&amp;lang=fi"><span style="color: #000000;">Radio ja TV</span></a></strong></h5>
<p>&nbsp;</p>
<hr />
<h5>►  <span style="color: #000000;"><a style="color: #000000;" href="https://www.catholicturku.fi/?lang=sv"><strong>HUVUDMENYN</strong></a></span><br />
►  <span style="color: #000000;"><a style="color: #000000;" href="https://www.catholicturku.fi/?page_id=925&amp;lang=sv"><strong>FÖRSTASIDAN</strong></a></span></h5>
<hr />
<h6 style="text-align: center;"><strong>Webmaster</strong></h6>
<h6 style="text-align: center;"><span style="color: #000000;"><a style="color: #000000;" href="mailto:webmaster@romanos.fi">webmaster (at) romanos.fi</a></span></h6>

<p>Innehållet tillgängligt på den finskspråkiga sidan &nbsp; ► Radio ja TV &nbsp; ►  HUVUDMENYN ►  FÖRSTASIDAN Webmaster webmaster (at) romanos.fi</p>
